{"id":1027,"date":"2025-09-03T20:06:00","date_gmt":"2025-09-03T23:06:00","guid":{"rendered":"https:\/\/cinebh.com.br\/?page_id=1027"},"modified":"2025-09-14T16:54:22","modified_gmt":"2025-09-14T19:54:22","slug":"cinemundi","status":"publish","type":"page","link":"https:\/\/cinebh.com.br\/2025\/filmes\/cinemundi\/","title":{"rendered":"CineMundi"},"content":{"rendered":"\n<h3 class=\"wp-block-heading\"><strong>O FUTURO QUE AGORA \u00c9 PRESENTE<\/strong><\/h3>\n\n\n\n<p>Ao mesmo tempo em que o p\u00fablico da CineBH \u2013 Mostra Internacional de Cinema de Belo Horizonte se conecta com o presente do cinema, tendo a oportunidade de assistir aos filmes latino-americanos propostos pela curadoria, um grupo de profissionais do cinema mundial entra em contato com projetos brasileiros que apontam para poss\u00edveis futuros filmes, apresentados no contexto do Encontro de Coprodu\u00e7\u00e3o Brasil CineMundi. Alguns anos depois, esses projetos podem ocupar o lugar do \u201cpresente\u201d, projetados na tela grande, em alguma sala do festival. Na programa\u00e7\u00e3o da 19\u00aa CineBH, espalhadas por diferentes sess\u00f5es, temos nove obras que foram abrigadas na programa\u00e7\u00e3o do Brasil CineMundi como projetos ou obras em processo (Work in Progress).<\/p>\n\n\n\n<p>Em 2025, o Brasil CineMundi, evento de mercado que acontece no ambiente da CineBH, chega \u00e0 sua 16\u00aa edi\u00e7\u00e3o promovendo o encontro entre representantes dos projetos selecionados e convidados nacionais e internacionais das mais diversas \u00e1reas \u2013 produtoras, distribuidoras, agentes de venda, curadores de festivais, programadores etc., com o objetivo de fortalecer a produ\u00e7\u00e3o independente autoral brasileira e ampliar sua presen\u00e7a internacional.<\/p>\n\n\n\n<p>Os projetos participam das atividades do programa de forma\u00e7\u00e3o CineMundi Lab e de rodadas de neg\u00f3cios. Mais recentemente, al\u00e9m das j\u00e1 tradicionais categorias voltadas para os projetos (Horizonte, DocBrasil e Foco Minas), o programa passou a oferecer tamb\u00e9m a se\u00e7\u00e3o Work in Progress, que exibe obras em fase de montagem e ocorre em duas vers\u00f5es: Primeiro Corte, no \u00e2mbito da CineBH\/Brasil CineMundi, e Corte Final, na Mostra de Cinema de Tiradentes, em janeiro, em conex\u00e3o com o Brasil CineMundi.<\/p>\n\n\n\n<p>A Mostra Brasil CineMundi deste ano apresenta cinco filmes que passaram pelo encontro ainda em fase de projeto e\/ou nas sess\u00f5es Work in Progress. Elas representam a diversidade de formatos, tem\u00e1ticas e aproxima\u00e7\u00f5es da rica cena cinematogr\u00e1fica independente do Brasil.<\/p>\n\n\n\n<p>A sele\u00e7\u00e3o inclui a anima\u00e7\u00e3o de Minas Gerais, <em>Nimuendaj\u00fa<\/em>, dirigida por Tania Anaya, que chega \u00e0s telas nove anos depois de sua passagem como projeto pela s\u00e9tima edi\u00e7\u00e3o do CineMundi, em 2016. A anima\u00e7\u00e3o \u00e9 um campo que enfrenta muitas \u201cbarreiras de entrada\u201d: trata-se de um formato trabalhoso, que necessita de investimento, tempo de desenvolvimento e trabalho superespecializado e, al\u00e9m disso, \u00e9 dominado por marcas estrangeiras muito fortes, voltadas sobretudo para o p\u00fablico infantil e adolescente. Esse longo intervalo de realiza\u00e7\u00e3o do projeto reflete as dificuldades do formato no Brasil, e como filmes de anima\u00e7\u00e3o, incluindo aqueles voltados para um p\u00fablico mais adulto, precisam de aten\u00e7\u00e3o e apoio. <em>Nimuendaj\u00fa<\/em> narra a hist\u00f3ria de Curt Nimuendaj\u00fa, nascido Curt Unckel, etn\u00f3logo alem\u00e3o que, de 1903 at\u00e9 sua morte, em 1945, se dedicou ao estudo das culturas ind\u00edgenas brasileiras Guarani, Apinay\u00e9, Canela-Ronkokamekra e Tikuna. O filme foi selecionado para o maior e principal festival de anima\u00e7\u00e3o do mundo, o Festival de Annecy.<\/p>\n\n\n\n<p>Em outra chave, <em>As Muitas Mortes de Ant\u00f4nio Parreiras<\/em>, dirigido por Lucas Parente, tamb\u00e9m se inspira na trajet\u00f3ria de um personagem real \u2013 no caso, o niteroiense Ant\u00f4nio Parreiras (1860-1937), pintor, ilustrador, desenhista e escritor, conhecido principalmente por suas paisagens. Com uma abordagem definida por seu diretor como uma \u201ctragicom\u00e9dia absurdista\u201d, o filme participou da sess\u00e3o Work in Progress \u2013 Corte Final em 2023, e foi selecionado para o FidMarseille, na Fran\u00e7a, em 2025.<\/p>\n\n\n\n<p>Quando participou do CineMundi, em 2019, no 10\u00ba Brasil CineMundi, <em>A Vida Secreta dos meus Tr\u00eas Homens<\/em> se chamava simplesmente <em>Arquivos<\/em>. O mais recente trabalho de Let\u00edcia Sim\u00f5es, diretora de <em>Casa<\/em> e de <em>N\u00f3s<\/em>, \u00e9 uma reconstru\u00e7\u00e3o ficcional e po\u00e9tica de acontecimentos e personagens muito pr\u00f3ximos da diretora, dando continuidade \u00e0 sua investiga\u00e7\u00e3o sobre a constru\u00e7\u00e3o de uma certa identidade brasileira a partir de uma hist\u00f3ria marcada pela viol\u00eancia.<\/p>\n\n\n\n<p><em>A Natureza Secreta das Coisas Invis\u00edveis<\/em>, estreia na dire\u00e7\u00e3o de longas de Rafaela Camelo, de Bras\u00edlia, participou da sess\u00e3o WIP \u2013 Primeiro Corte em 2024 e foi selecionado para a Mostra Generations do Festival de Berlim de 2025, dedicada a obras voltadas para o p\u00fablico jovem. A hist\u00f3ria parte do encontro de duas crian\u00e7as no ambiente de um hospital para discutir temas dif\u00edceis de forma sens\u00edvel. A estreia no Brasil se deu na competi\u00e7\u00e3o do Festival de Gramado.<\/p>\n\n\n\n<p>Livremente inspirado na novela de Henry James, <em>A fera da selva<\/em>, <em>Su\u00e7uarana<\/em> marca o encontro de dois nomes fundamentais do cinema mineiro contempor\u00e2neo: Clarissa Campolina e S\u00e9rgio Borges. Nele, acompanhamos Dora (Sinara Teles), uma mulher que vive h\u00e1 dez anos pelas estradas brasileiras em busca de Su\u00e7uarana, terra desconhecida e aparentemente misteriosa que sua m\u00e3e mencionava. O filme participou das se\u00e7\u00f5es WIP Primeiro Corte em 2023 (quando ainda se chamava <em>A Fera da Selva<\/em>), WIP Corte Final em 2024, e foi exibido no Festival Internacional de Chicago, nos EUA, no Festival de Roterd\u00e3, na Holanda, e no Festival de Bras\u00edlia, entre v\u00e1rios outros.<\/p>\n\n\n\n<p>Al\u00e9m desses cinco, outros quatro filmes cujas trajet\u00f3rias passaram pelo Brasil CineMundi podem ser conferidos em outros segmentos da CineBH. Tr\u00eas deles est\u00e3o na Mostra Vertentes. <em>Morte e Vida Madalena<\/em>, novo filme do diretor Guto Parente (<em>Estrada para Ythaca, <\/em>2010; <em>Inferninho<\/em>, 2018; <em>Estranho Caminho<\/em>, 2023), participou da se\u00e7\u00e3o WIP Corte Final 2024 e, como <em>As Muitas Mortes de Ant\u00f4nio Parreiras<\/em>, estreou no FID Marseille 2025. <em>Apenas Coisas Boas<\/em>, com dire\u00e7\u00e3o de Daniel Nolasco, esteve no WIP Primeiro Corte em 2024 e participou dos festivais de Guadalajara, no M\u00e9xico, Frameline (S\u00e3o Francisco, EUA) e Olhar de Cinema, em Curitiba. O document\u00e1rio <em>A Voz de Deus<\/em>, dirigido por Miguel Antunes Ramos, por sua vez, foi projeto em desenvolvimento no 11\u00ba BCM (2020), participou do WIP Primeiro Corte em 2023, e do WIP Corte Final em 2025. O filme teve sua estreia no festival Olhar de Cinema, em Curitiba, em 2025.<\/p>\n\n\n\n<p>Na Mostra Conex\u00f5es ser\u00e1 exibido <em>Cais<\/em>, de Safira Moreira, que participou do Brasil CineMundi como projeto em desenvolvimento em 2018 e, posteriormente, do WIP Primeiro Corte em 2023. Sua primeira exibi\u00e7\u00e3o tamb\u00e9m foi no festival Olhar de Cinema, em Curitiba.<\/p>\n\n\n\n<p class=\"has-text-align-right\"><strong>Pedro Butcher<\/strong><br><em>Curador<\/em><\/p>\n\n\n\n<p class=\"has-text-align-right\"><\/p>\n\n\n\n    <div id=\"movie-block_68b8c9c65975d\" class=\"movie-block\">\n                  <div data-slides-per-view=\"4\" id=\"block_68b8c9c65975d\" class=\"movie expanded movie-block movie-list\">\n            <div class=\"container container-1216 flex-col\">\n        <div class=\"\">\n                    <div class=\" movie-items\">\n            <div class=\"movie-items-wrapper\">\n                  <div class=\"movie-item  \">\n      <a href=\"https:\/\/cinebh.com.br\/2025\/filme\/a-natureza-das-coisas-invisiveis\/\">\n        <img loading=\"lazy\" decoding=\"async\" width=\"280\" height=\"432\" src=\"https:\/\/universoproducao.nyc3.digitaloceanspaces.com\/cinebh2025\/2025\/08\/A-Natureza-das-Coisas-Invisiveis_CARTAZ_A_NATUREZA_DAS_COISAS_INVISIVEIS_60x90_PT_COLOR_RGB_menor-Rafaela-Camelo-280x432.png\" class=\"movie-img\" alt=\"\" \/>\n                <span class=\"movie-content\">\n          <span class=\"title\">A Natureza das Coisas Invis\u00edveis<\/span>\n                      <span class=\"direction on-hover\">Dire\u00e7\u00e3o: Rafaela Camelo<\/span>\n                                          <span class=\"country on-hover\">Brasil<\/span>\n                                <span class=\"read-more btn-link on-hover uppercase\">\n              Saiba mais <i class=\"icon-arrow-right\"><\/i><\/span>\n                  <\/span>\n      <\/a>\n    <\/div>\n        <div class=\"movie-item  \">\n      <a href=\"https:\/\/cinebh.com.br\/2025\/filme\/a-vida-secreta-de-meus-tres-homens\/\">\n        <img loading=\"lazy\" decoding=\"async\" width=\"280\" height=\"432\" src=\"https:\/\/universoproducao.nyc3.digitaloceanspaces.com\/cinebh2025\/2025\/08\/A-Vida-Secreta-de-meus-Tres-Homens_DSC00955-Producao-Executiva-280x432.jpg\" class=\"movie-img\" alt=\"\" \/>\n                <span class=\"movie-content\">\n          <span class=\"title\">A Vida Secreta de meus Tr\u00eas Homens<\/span>\n                      <span class=\"direction on-hover\">Dire\u00e7\u00e3o: Let\u00edcia Sim\u00f5es<\/span>\n                                          <span class=\"country on-hover\">Brasil<\/span>\n                                <span class=\"read-more btn-link on-hover uppercase\">\n              Saiba mais <i class=\"icon-arrow-right\"><\/i><\/span>\n                  <\/span>\n      <\/a>\n    <\/div>\n        <div class=\"movie-item  \">\n      <a href=\"https:\/\/cinebh.com.br\/2025\/filme\/as-muitas-mortes-de-antonio-parreiras\/\">\n        <img loading=\"lazy\" decoding=\"async\" width=\"280\" height=\"432\" src=\"https:\/\/universoproducao.nyc3.digitaloceanspaces.com\/cinebh2025\/2025\/08\/As-Muitas-Mortes-de-Antonio-Parreiras_post-parreiras_moldura_rev-1-3-Lucas-Parente-1-280x432.png\" class=\"movie-img\" alt=\"\" \/>\n                <span class=\"movie-content\">\n          <span class=\"title\">As Muitas Mortes de Ant\u00f4nio Parreiras<\/span>\n                      <span class=\"direction on-hover\">Dire\u00e7\u00e3o: Lucas Parente<\/span>\n                                          <span class=\"country on-hover\">Brasil<\/span>\n                                <span class=\"read-more btn-link on-hover uppercase\">\n              Saiba mais <i class=\"icon-arrow-right\"><\/i><\/span>\n                  <\/span>\n      <\/a>\n    <\/div>\n        <div class=\"movie-item  \">\n      <a href=\"https:\/\/cinebh.com.br\/2025\/filme\/nimuendaju\/\">\n        <img loading=\"lazy\" decoding=\"async\" width=\"280\" height=\"432\" src=\"https:\/\/universoproducao.nyc3.digitaloceanspaces.com\/cinebh2025\/2025\/08\/Nimuendaju_Cartaz_Intermediario-Anaya-Producoes-280x432.jpg\" class=\"movie-img\" alt=\"\" \/>\n                <span class=\"movie-content\">\n          <span class=\"title\">NIMUENDAJU<\/span>\n                      <span class=\"direction on-hover\">Dire\u00e7\u00e3o: Tania Anaya<\/span>\n                                          <span class=\"country on-hover\">BRASIL, PERU<\/span>\n                                <span class=\"read-more btn-link on-hover uppercase\">\n              Saiba mais <i class=\"icon-arrow-right\"><\/i><\/span>\n                  <\/span>\n      <\/a>\n    <\/div>\n        <div class=\"movie-item  \">\n      <a href=\"https:\/\/cinebh.com.br\/2025\/filme\/sucuarana\/\">\n        <img loading=\"lazy\" decoding=\"async\" width=\"280\" height=\"432\" src=\"https:\/\/universoproducao.nyc3.digitaloceanspaces.com\/cinebh2025\/2025\/08\/Sucuaran_em-baixa-280x432.jpg\" class=\"movie-img\" alt=\"\" \/>\n                <span class=\"movie-content\">\n          <span class=\"title\">Su\u00e7uarana<\/span>\n                      <span class=\"direction on-hover\">Dire\u00e7\u00e3o: Clarissa Campolina , S\u00e9rgio borges<\/span>\n                                          <span class=\"country on-hover\">Brasil<\/span>\n                                <span class=\"read-more btn-link on-hover uppercase\">\n              Saiba mais <i class=\"icon-arrow-right\"><\/i><\/span>\n                  <\/span>\n      <\/a>\n    <\/div>\n                <\/div>\n          <\/div>\n                  <\/div>\n      <\/div>\n    <\/div>\n              <\/div>\n    ","protected":false},"excerpt":{"rendered":"<p>O FUTURO QUE AGORA \u00c9 PRESENTE Ao mesmo tempo em que o p\u00fablico da CineBH \u2013 Mostra Internacional de Cinema de Belo Horizonte se conecta com o presente do cinema, [&hellip;]<\/p>\n","protected":false},"author":1,"featured_media":0,"parent":727,"menu_order":26,"comment_status":"closed","ping_status":"closed","template":"","meta":{"footnotes":""},"class_list":["post-1027","page","type-page","status-publish","hentry"],"acf":[],"_links":{"self":[{"href":"https:\/\/cinebh.com.br\/2025\/wp-json\/wp\/v2\/pages\/1027","targetHints":{"allow":["GET"]}}],"collection":[{"href":"https:\/\/cinebh.com.br\/2025\/wp-json\/wp\/v2\/pages"}],"about":[{"href":"https:\/\/cinebh.com.br\/2025\/wp-json\/wp\/v2\/types\/page"}],"author":[{"embeddable":true,"href":"https:\/\/cinebh.com.br\/2025\/wp-json\/wp\/v2\/users\/1"}],"replies":[{"embeddable":true,"href":"https:\/\/cinebh.com.br\/2025\/wp-json\/wp\/v2\/comments?post=1027"}],"version-history":[{"count":3,"href":"https:\/\/cinebh.com.br\/2025\/wp-json\/wp\/v2\/pages\/1027\/revisions"}],"predecessor-version":[{"id":1579,"href":"https:\/\/cinebh.com.br\/2025\/wp-json\/wp\/v2\/pages\/1027\/revisions\/1579"}],"up":[{"embeddable":true,"href":"https:\/\/cinebh.com.br\/2025\/wp-json\/wp\/v2\/pages\/727"}],"wp:attachment":[{"href":"https:\/\/cinebh.com.br\/2025\/wp-json\/wp\/v2\/media?parent=1027"}],"curies":[{"name":"wp","href":"https:\/\/api.w.org\/{rel}","templated":true}]}}