{"id":1114,"date":"2025-09-04T12:49:01","date_gmt":"2025-09-04T15:49:01","guid":{"rendered":"https:\/\/cinebh.com.br\/?page_id=1114"},"modified":"2025-09-18T16:49:13","modified_gmt":"2025-09-18T19:49:13","slug":"conexoes","status":"publish","type":"page","link":"https:\/\/cinebh.com.br\/2025\/filmes\/conexoes\/","title":{"rendered":"Conex\u00f5es"},"content":{"rendered":"\n<h3 class=\"wp-block-heading\"><strong>DI\u00c1LOGOS E RU\u00cdDOS ENTRE FILMES PARA VER AGORA<\/strong><\/h3>\n\n\n\n<p>A CineBH apresenta uma novidade no segmento latino-americano. A Mostra Conex\u00f5es substituiu a Mostra Continente e, junto com a mudan\u00e7a de nome, temos uma mudan\u00e7a de opera\u00e7\u00e3o curatorial. Se a Continente estava sem uma identidade pr\u00f3pria, reunindo filmes de interesse para a equipe de programa\u00e7\u00e3o, sem necessariamente terem algo a ver uns com os outros, a Conex\u00f5es exige um trabalho curatorial mais rigoroso, de composi\u00e7\u00e3o, de rimas e de afinidades quaisquer entre os filmes. Nesse primeiro ano, optamos por compor duplas de filmes em di\u00e1logo, a partir de algum aspecto em comum, \u00e0s vezes mais expl\u00edcitos, \u00e0s vezes menos, que s\u00e3o exibidos sucessivamente em uma mesma sala (com exce\u00e7\u00e3o de um dos cinco programas). As duplas de sess\u00f5es foram intituladas, de modo a enfatizar as raz\u00f5es dos filmes estarem programados em d\u00edpticos.<\/p>\n\n\n\n<p>No conjunto de oito longas-metragens, h\u00e1 muitas diferen\u00e7as entre os programas di\u00e1rios compostos por duas sess\u00f5es. Temos desde obras centradas em uma fisicalidade dos corpos e de ambientes aqu\u00e1ticos (<em>Cais<\/em> e <em>Cuento de Pescadores)<\/em>, com ampla dose de mist\u00e9rio nessa rela\u00e7\u00e3o, at\u00e9 document\u00e1rios que mobilizam arquivos audiovisuais, fatos hist\u00f3ricos e perspectivas de culturas invisibilizadas, reprimidas ou recalcadas pela sociedade e pelo Estado, levando ao resgate das mem\u00f3rias dos povos origin\u00e1rios (<em>Memoria Implacable)<\/em> e de personalidades do mundo queer (<em>\u00c1lbum de Fam\u00edlia<\/em>), de resist\u00eancias de territ\u00f3rios que n\u00e3o alcan\u00e7aram a condi\u00e7\u00e3o de Estado (<em>Notas sobre um Desterro<\/em> e <em>Todo Parec\u00eda Imposible)<\/em>, de sufocamento de liberdades individuais (<em>Cr\u00f3nica del Absurdo)<\/em> e de desaparecimentos violentos (<em>Todo Documento de Civilizati\u00f3n<\/em>).<\/p>\n\n\n\n<p>Parte do trabalho de uma equipe de programa\u00e7\u00e3o de um festival, ao menos na CineBH, n\u00e3o est\u00e1 somente em selecionar e rejeitar filmes, colocar para dentro ou deixar de fora, decretar o que ser\u00e1 vis\u00edvel e o que ficar\u00e1 sem visibilidade. T\u00e3o importante quanto isso, at\u00e9 por determinar esse trabalho de dar a ver, \u00e9 organizar as diferen\u00e7as e pontos de contato, sublinhar e constelar as linhas de for\u00e7a e as recorr\u00eancias, reconhecer algumas formas e conte\u00fados antenados com a realidade de nossos dias e que fazem parte de uma contemporaneidade que \u00e9 em si hist\u00f3rica e contextualizada. Como desafio est\u00e1 a necessidade de orquestrar tudo isso sem o deslumbramento com ondas e modas que asfixiam e empobrecem processos de cria\u00e7\u00e3o e telas de v\u00e1rios tamanhos e naturezas.<\/p>\n\n\n\n<p class=\"has-text-align-right\"><strong>Cleber Eduardo<\/strong><br><em>Coordenador curatorial<\/em><\/p>\n\n\n\n<p class=\"has-text-align-right\"><strong>Ester Mar\u00e7al F\u00e9r<\/strong><br><strong>Leonardo Amaral<\/strong><br><strong>Mariana Queen Nwabasili<\/strong><br><em>Curadores<\/em><\/p>\n\n\n\n<p class=\"has-text-align-right\"><strong>Gustavo Maan<\/strong><br><em>Curador assistente<\/em><\/p>\n\n\n\n<p><\/p>\n\n\n\n    <div id=\"movie-block_68b9b4d8f62c4\" class=\"movie-block\">\n                  <div data-slides-per-view=\"4\" id=\"block_68b9b4d8f62c4\" class=\"movie expanded movie-block movie-list\">\n            <div class=\"container container-1216 flex-col\">\n        <div class=\"\">\n                    <div class=\" movie-items\">\n            <div class=\"movie-items-wrapper\">\n                  <div class=\"movie-item  \">\n      <a href=\"https:\/\/cinebh.com.br\/2025\/filme\/album-de-familia\/\">\n        <img loading=\"lazy\" decoding=\"async\" width=\"280\" height=\"432\" src=\"https:\/\/universoproducao.nyc3.digitaloceanspaces.com\/cinebh2025\/2025\/09\/Album-de-familia-poster-280x432.png\" class=\"movie-img\" alt=\"\" \/>\n                <span class=\"movie-content\">\n          <span class=\"title\">\u00c1lbum de fam\u00edlia<\/span>\n                      <span class=\"direction on-hover\">Dire\u00e7\u00e3o: Laura Casab\u00e9<\/span>\n                                          <span class=\"country on-hover\">Argentina<\/span>\n                                <span class=\"read-more btn-link on-hover uppercase\">\n              Saiba mais <i class=\"icon-arrow-right\"><\/i><\/span>\n                  <\/span>\n      <\/a>\n    <\/div>\n        <div class=\"movie-item  \">\n      <a href=\"https:\/\/cinebh.com.br\/2025\/filme\/cais\/\">\n        <img loading=\"lazy\" decoding=\"async\" width=\"280\" height=\"432\" src=\"https:\/\/universoproducao.nyc3.digitaloceanspaces.com\/cinebh2025\/2025\/09\/CARTAZ-CAIS-SETEMBRO-280x432.png\" class=\"movie-img\" alt=\"\" \/>\n                <span class=\"movie-content\">\n          <span class=\"title\">Cais<\/span>\n                      <span class=\"direction on-hover\">Dire\u00e7\u00e3o: Safira Moreira<\/span>\n                                          <span class=\"country on-hover\">Brasil<\/span>\n                                <span class=\"read-more btn-link on-hover uppercase\">\n              Saiba mais <i class=\"icon-arrow-right\"><\/i><\/span>\n                  <\/span>\n      <\/a>\n    <\/div>\n        <div class=\"movie-item  \">\n      <a href=\"https:\/\/cinebh.com.br\/2025\/filme\/cronicas-del-absurdo\/\">\n        <img loading=\"lazy\" decoding=\"async\" width=\"280\" height=\"432\" src=\"https:\/\/universoproducao.nyc3.digitaloceanspaces.com\/cinebh2025\/2025\/09\/cronicas-280x432.jpg\" class=\"movie-img\" alt=\"\" \/>\n                <span class=\"movie-content\">\n          <span class=\"title\">Cronicas del Absurdo<\/span>\n                      <span class=\"direction on-hover\">Dire\u00e7\u00e3o: Miguel Coyula<\/span>\n                                          <span class=\"country on-hover\">Cuba<\/span>\n                                <span class=\"read-more btn-link on-hover uppercase\">\n              Saiba mais <i class=\"icon-arrow-right\"><\/i><\/span>\n                  <\/span>\n      <\/a>\n    <\/div>\n        <div class=\"movie-item  \">\n      <a href=\"https:\/\/cinebh.com.br\/2025\/filme\/memoria-implacable\/\">\n        <img loading=\"lazy\" decoding=\"async\" width=\"280\" height=\"432\" src=\"https:\/\/universoproducao.nyc3.digitaloceanspaces.com\/cinebh2025\/2025\/09\/Memoria-Implacable-280x432.png\" class=\"movie-img\" alt=\"\" \/>\n                <span class=\"movie-content\">\n          <span class=\"title\">Memoria Implacable<\/span>\n                      <span class=\"direction on-hover\">Dire\u00e7\u00e3o: Paula Rodr\u00edguez Sickert<\/span>\n                                          <span class=\"country on-hover\">Chile, Argentina<\/span>\n                                <span class=\"read-more btn-link on-hover uppercase\">\n              Saiba mais <i class=\"icon-arrow-right\"><\/i><\/span>\n                  <\/span>\n      <\/a>\n    <\/div>\n        <div class=\"movie-item  \">\n      <a href=\"https:\/\/cinebh.com.br\/2025\/filme\/notas-sobre-um-desterro\/\">\n        <img loading=\"lazy\" decoding=\"async\" width=\"280\" height=\"432\" src=\"https:\/\/universoproducao.nyc3.digitaloceanspaces.com\/cinebh2025\/2025\/09\/Cartaz-Notas-sobre-um-Desterro-Juliana-Sanson-280x432.jpg\" class=\"movie-img\" alt=\"\" \/>\n                <span class=\"movie-content\">\n          <span class=\"title\">Notas sobre um desterro<\/span>\n                      <span class=\"direction on-hover\">Dire\u00e7\u00e3o: Gustavo Castro<\/span>\n                                          <span class=\"country on-hover\">Brasil<\/span>\n                                <span class=\"read-more btn-link on-hover uppercase\">\n              Saiba mais <i class=\"icon-arrow-right\"><\/i><\/span>\n                  <\/span>\n      <\/a>\n    <\/div>\n        <div class=\"movie-item  \">\n      <a href=\"https:\/\/cinebh.com.br\/2025\/filme\/todo-documento-de-civilizacion\/\">\n        <img loading=\"lazy\" decoding=\"async\" width=\"280\" height=\"432\" src=\"https:\/\/universoproducao.nyc3.digitaloceanspaces.com\/cinebh2025\/2025\/09\/TodoDocumentoDeCivilizacion-Tatiana-Mazu-Gonzalez-280x432.jpg\" class=\"movie-img\" alt=\"\" \/>\n                <span class=\"movie-content\">\n          <span class=\"title\">Todo  documento de civilizaci\u00f3n<\/span>\n                      <span class=\"direction on-hover\">Dire\u00e7\u00e3o: Tatiana Maz\u00fa Gonz\u00e1lez<\/span>\n                                          <span class=\"country on-hover\">Argentina<\/span>\n                                <span class=\"read-more btn-link on-hover uppercase\">\n              Saiba mais <i class=\"icon-arrow-right\"><\/i><\/span>\n                  <\/span>\n      <\/a>\n    <\/div>\n        <div class=\"movie-item  \">\n      <a href=\"https:\/\/cinebh.com.br\/2025\/filme\/todo-parecia-posible\/\">\n        <img loading=\"lazy\" decoding=\"async\" width=\"280\" height=\"432\" src=\"https:\/\/universoproducao.nyc3.digitaloceanspaces.com\/cinebh2025\/2025\/09\/TodoPareciaPosible-POSTER-Ramon-Rivera-Moret-280x432.jpg\" class=\"movie-img\" alt=\"\" \/>\n                <span class=\"movie-content\">\n          <span class=\"title\">Todo Parec\u00eda Posible<\/span>\n                      <span class=\"direction on-hover\">Dire\u00e7\u00e3o: Ram\u00f3n Rivera Moret<\/span>\n                                          <span class=\"country on-hover\">Porto Rico\/Estados Unidos<\/span>\n                                <span class=\"read-more btn-link on-hover uppercase\">\n              Saiba mais <i class=\"icon-arrow-right\"><\/i><\/span>\n                  <\/span>\n      <\/a>\n    <\/div>\n        <div class=\"movie-item  \">\n      <a href=\"https:\/\/cinebh.com.br\/2025\/filme\/un-cuento-de-pescadores\/\">\n        <img loading=\"lazy\" decoding=\"async\" width=\"280\" height=\"432\" src=\"https:\/\/universoproducao.nyc3.digitaloceanspaces.com\/cinebh2025\/2025\/09\/Poster_OFICIAL-Dr-Eguiluz-280x432.jpg\" class=\"movie-img\" alt=\"\" \/>\n                <span class=\"movie-content\">\n          <span class=\"title\">Un Cuento de Pescadores<\/span>\n                      <span class=\"direction on-hover\">Dire\u00e7\u00e3o: Edgar Nito<\/span>\n                                          <span class=\"country on-hover\">M\u00e9xico<\/span>\n                                <span class=\"read-more btn-link on-hover uppercase\">\n              Saiba mais <i class=\"icon-arrow-right\"><\/i><\/span>\n                  <\/span>\n      <\/a>\n    <\/div>\n                <\/div>\n          <\/div>\n                  <\/div>\n      <\/div>\n    <\/div>\n              <\/div>\n    ","protected":false},"excerpt":{"rendered":"<p>DI\u00c1LOGOS E RU\u00cdDOS ENTRE FILMES PARA VER AGORA A CineBH apresenta uma novidade no segmento latino-americano. A Mostra Conex\u00f5es substituiu a Mostra Continente e, junto com a mudan\u00e7a de nome, [&hellip;]<\/p>\n","protected":false},"author":1,"featured_media":0,"parent":727,"menu_order":28,"comment_status":"closed","ping_status":"closed","template":"","meta":{"footnotes":""},"class_list":["post-1114","page","type-page","status-publish","hentry"],"acf":[],"_links":{"self":[{"href":"https:\/\/cinebh.com.br\/2025\/wp-json\/wp\/v2\/pages\/1114","targetHints":{"allow":["GET"]}}],"collection":[{"href":"https:\/\/cinebh.com.br\/2025\/wp-json\/wp\/v2\/pages"}],"about":[{"href":"https:\/\/cinebh.com.br\/2025\/wp-json\/wp\/v2\/types\/page"}],"author":[{"embeddable":true,"href":"https:\/\/cinebh.com.br\/2025\/wp-json\/wp\/v2\/users\/1"}],"replies":[{"embeddable":true,"href":"https:\/\/cinebh.com.br\/2025\/wp-json\/wp\/v2\/comments?post=1114"}],"version-history":[{"count":5,"href":"https:\/\/cinebh.com.br\/2025\/wp-json\/wp\/v2\/pages\/1114\/revisions"}],"predecessor-version":[{"id":2779,"href":"https:\/\/cinebh.com.br\/2025\/wp-json\/wp\/v2\/pages\/1114\/revisions\/2779"}],"up":[{"embeddable":true,"href":"https:\/\/cinebh.com.br\/2025\/wp-json\/wp\/v2\/pages\/727"}],"wp:attachment":[{"href":"https:\/\/cinebh.com.br\/2025\/wp-json\/wp\/v2\/media?parent=1114"}],"curies":[{"name":"wp","href":"https:\/\/api.w.org\/{rel}","templated":true}]}}