{"id":2788,"date":"2025-09-04T14:49:50","date_gmt":"2025-09-04T17:49:50","guid":{"rendered":"https:\/\/cinebh.com.br\/?page_id=2788"},"modified":"2025-09-18T17:20:41","modified_gmt":"2025-09-18T20:20:41","slug":"homenagem","status":"publish","type":"page","link":"https:\/\/cinebh.com.br\/2025\/filmes\/homenagem\/?lang=es","title":{"rendered":"Homenagem"},"content":{"rendered":"\n<h3 class=\"wp-block-heading\">VARIAS CARAS DE CARLOS<\/h3>\n\n\n\n<p>En nuestra celebraci\u00f3n a Carlos Francisco, varias l\u00edneas son posibles. Su presencia surgi\u00f3 naturalmente en t\u00edtulos seleccionados por la curadur\u00eda para estar en la programaci\u00f3n de largometrajes brasile\u00f1os, como <em>O Agente Secreto<\/em> (Kleber Mendon\u00e7a Filho, 2025), atracci\u00f3n de apertura; uno en la Muestra Vertentes, <em>Enterre seus Mortos<\/em> (Marco Dutra, 2024); y otro en la Muestra CineMundi, <em>Su\u00e7uarana<\/em> (Clarissa Campolina y S\u00e9rgio Borges, 2024), este \u00faltimo que incluso le vali\u00f3 el Trofeo Candango de mejor actor de reparto en el Festival de Bras\u00edlia.<\/p>\n\n\n\n<p>Corresponde entonces a esta Muestra Homenaje ampliar con otros ejemplos de Carlos Francisco en las pantallas. En una amplia selecci\u00f3n de obras, definimos algunas representaciones de su potencia interpretativa y de la amplitud de la gran persona en escena. Entre largometrajes y cortometrajes, el recorte destaca personajes que, en diferentes registros, revelan la capacidad del actor de conjugar fuerza dram\u00e1tica, delicadeza y densidad expresiva y corporal. Su actuaci\u00f3n, siempre marcada por una relaci\u00f3n \u00edntima entre cuerpo, voz, gestos y miradas, se apropia de las narrativas y las amplifica a partir de entonces.<\/p>\n\n\n\n<p>En <em>Marte Um<\/em> (Gabriel Martins, 2022), Carlos interpreta a Wellington, un padre que sue\u00f1a junto a su hijo, a pesar de las dificultades materiales. La simplicidad del gesto cotidiano se transforma en un lazo afectivo que impulsa las desventuras de una familia humilde de Contagem. En <em>Estranho Caminho<\/em> (Guto Parente, 2023), interpreta a otro padre, ahora un hombre distante, enigm\u00e1tico, casi fr\u00edo, cuyos silencios gritan a los o\u00eddos y a la sensibilidad del joven Davi (Lucas Limeira). La contenci\u00f3n de la mirada y los desv\u00edos de afecto marcan el contraste con papeles anteriores y revelan una faceta m\u00e1s \u00e1rida de su actuaci\u00f3n. El personaje, insistente en negar cari\u00f1o, encuentra en el actor una espesura humana que ampl\u00eda los sentidos de la pel\u00edcula.<\/p>\n\n\n\n<p>En los cortometrajes, la variedad de registros expande los retratos posibles del actor. En <em>Nada<\/em> (Gabriel Martins, 2014), interpreta a un padre bastante cercano al de <em>Marte Um<\/em>, aunque m\u00e1s duro y riguroso. <em>Um Homem que Voa: Nelson Prud\u00eancio<\/em> (Maur\u00edlio Martins y Adirley Queir\u00f3s, 2015) lo muestra como locutor y entrevistador, modulando la voz, interactuando como periodista y rindiendo homenaje a un atleta ol\u00edmpico hist\u00f3rico, en un gesto de reconexi\u00f3n del arte como deporte y del deporte como arte. Por \u00faltimo, <em>A M\u00e1quina Infernal<\/em> (Francis Vogner dos Reis, 2017) lo muestra como un trabajador fabril en el ABC paulista que se articula contra los abusos de los empleadores, en una faceta de resistencia combativa que tambi\u00e9n se encuentra entre los tipos que ya ha asumido en escena.<\/p>\n\n\n\n<p>En un carrusel de tipos, lenguajes y formas, el espectador tendr\u00e1 alguna noci\u00f3n, limitada pero bastante expresiva, de c\u00f3mo Carlos Francisco puede ser muchos otros.<\/p>\n\n\n\n<p><strong>Marcelo Miranda<\/strong><br>Curador<\/p>\n\n\n\n<div style=\"height:100px\" aria-hidden=\"true\" class=\"wp-block-spacer\"><\/div>\n\n\n\n    <div id=\"movie-block_68b9d12506578\" class=\"movie-block\">\n                  <div data-slides-per-view=\"4\" id=\"block_68b9d12506578\" class=\"movie expanded movie-block movie-list\">\n            <div class=\"container container-1216 flex-col\">\n        <div class=\"\">\n                    <div class=\" movie-items\">\n            <div class=\"movie-items-wrapper\">\n                  <div class=\"movie-item  \">\n      <a href=\"https:\/\/cinebh.com.br\/2025\/filme\/a-maquina-infernal\/\">\n        <img loading=\"lazy\" decoding=\"async\" width=\"280\" height=\"432\" src=\"https:\/\/universoproducao.nyc3.digitaloceanspaces.com\/cinebh2025\/2025\/08\/Copia-de-poster-maquina-virtual-Francis-Vogner-dos-Reis-280x432.png\" class=\"movie-img\" alt=\"\" \/>\n                <span class=\"movie-content\">\n          <span class=\"title\">A M\u00e1quina Infernal<\/span>\n                      <span class=\"direction on-hover\">Dire\u00e7\u00e3o: Francis Vogner dos Reis<\/span>\n                                          <span class=\"country on-hover\">Brasil<\/span>\n                                <span class=\"read-more btn-link on-hover uppercase\">\n              Saiba mais <i class=\"icon-arrow-right\"><\/i><\/span>\n                  <\/span>\n      <\/a>\n    <\/div>\n        <div class=\"movie-item  \">\n      <a href=\"https:\/\/cinebh.com.br\/2025\/filme\/estranho-caminho\/\">\n        <img loading=\"lazy\" decoding=\"async\" width=\"280\" height=\"432\" src=\"https:\/\/universoproducao.nyc3.digitaloceanspaces.com\/cinebh2025\/2025\/08\/cartaz-oficial-Estranho-Caminho_em-baixa-1-Producao-Embauba-280x432.jpg\" class=\"movie-img\" alt=\"\" \/>\n                <span class=\"movie-content\">\n          <span class=\"title\">ESTRANHO CAMINHO<\/span>\n                      <span class=\"direction on-hover\">Dire\u00e7\u00e3o: Guto Parente<\/span>\n                                          <span class=\"country on-hover\">Brasil<\/span>\n                                <span class=\"read-more btn-link on-hover uppercase\">\n              Saiba mais <i class=\"icon-arrow-right\"><\/i><\/span>\n                  <\/span>\n      <\/a>\n    <\/div>\n        <div class=\"movie-item  \">\n      <a href=\"https:\/\/cinebh.com.br\/2025\/filme\/marte-um\/\">\n        <img loading=\"lazy\" decoding=\"async\" width=\"280\" height=\"432\" src=\"https:\/\/universoproducao.nyc3.digitaloceanspaces.com\/cinebh2025\/2025\/08\/cartaz-Marte-Um-em-baixa-Producao-Embauba-280x432.jpg\" class=\"movie-img\" alt=\"\" \/>\n                <span class=\"movie-content\">\n          <span class=\"title\">Marte Um<\/span>\n                      <span class=\"direction on-hover\">Dire\u00e7\u00e3o: Gabriel Martins<\/span>\n                                          <span class=\"country on-hover\">Brasil<\/span>\n                                <span class=\"read-more btn-link on-hover uppercase\">\n              Saiba mais <i class=\"icon-arrow-right\"><\/i><\/span>\n                  <\/span>\n      <\/a>\n    <\/div>\n        <div class=\"movie-item  \">\n      <a href=\"https:\/\/cinebh.com.br\/2025\/filme\/nada\/\">\n        <img loading=\"lazy\" decoding=\"async\" width=\"280\" height=\"432\" src=\"https:\/\/universoproducao.nyc3.digitaloceanspaces.com\/cinebh2025\/2025\/08\/NADA_Still_03-280x432.jpg\" class=\"movie-img\" alt=\"\" \/>\n                <span class=\"movie-content\">\n          <span class=\"title\">NADA<\/span>\n                      <span class=\"direction on-hover\">Dire\u00e7\u00e3o: GABRIEL MARTINS<\/span>\n                                          <span class=\"country on-hover\">BRASIL<\/span>\n                                <span class=\"read-more btn-link on-hover uppercase\">\n              Saiba mais <i class=\"icon-arrow-right\"><\/i><\/span>\n                  <\/span>\n      <\/a>\n    <\/div>\n        <div class=\"movie-item  \">\n      <a href=\"https:\/\/cinebh.com.br\/2025\/filme\/o-agente-secreto\/\">\n        <img loading=\"lazy\" decoding=\"async\" width=\"280\" height=\"432\" src=\"https:\/\/universoproducao.nyc3.digitaloceanspaces.com\/cinebh2025\/2025\/08\/O-Agente-Secreto_Victor-Juca-280x432.jpg\" class=\"movie-img\" alt=\"\" \/>\n                <span class=\"movie-content\">\n          <span class=\"title\">O Agente Secreto<\/span>\n                      <span class=\"direction on-hover\">Dire\u00e7\u00e3o: Kleber Mendon\u00e7a Filho<\/span>\n                                          <span class=\"country on-hover\">Brasil, Fran\u00e7a, Pa\u00edses Baixos, Alemanha<\/span>\n                                <span class=\"read-more btn-link on-hover uppercase\">\n              Saiba mais <i class=\"icon-arrow-right\"><\/i><\/span>\n                  <\/span>\n      <\/a>\n    <\/div>\n        <div class=\"movie-item  \">\n      <a href=\"https:\/\/cinebh.com.br\/2025\/filme\/um-homem-que-voa-nelson-prudencio\/\">\n        <img loading=\"lazy\" decoding=\"async\" width=\"280\" height=\"432\" src=\"https:\/\/universoproducao.nyc3.digitaloceanspaces.com\/cinebh2025\/2025\/08\/Nelson-Prudencio-280x432.jpg\" class=\"movie-img\" alt=\"\" \/>\n                <span class=\"movie-content\">\n          <span class=\"title\">Um homem que voa: Nelson Prud\u00eancio<\/span>\n                                          <span class=\"country on-hover\">Brasil<\/span>\n                                <span class=\"read-more btn-link on-hover uppercase\">\n              Saiba mais <i class=\"icon-arrow-right\"><\/i><\/span>\n                  <\/span>\n      <\/a>\n    <\/div>\n                <\/div>\n          <\/div>\n                  <\/div>\n      <\/div>\n    <\/div>\n              <\/div>\n    ","protected":false},"excerpt":{"rendered":"<p>VARIAS CARAS DE CARLOS En nuestra celebraci\u00f3n a Carlos Francisco, varias l\u00edneas son posibles. Su presencia surgi\u00f3 naturalmente en t\u00edtulos seleccionados por la curadur\u00eda para estar en la programaci\u00f3n de [&hellip;]<\/p>\n","protected":false},"author":1,"featured_media":0,"parent":2855,"menu_order":39,"comment_status":"closed","ping_status":"closed","template":"","meta":{"footnotes":""},"class_list":["post-2788","page","type-page","status-publish","hentry"],"acf":[],"_links":{"self":[{"href":"https:\/\/cinebh.com.br\/2025\/wp-json\/wp\/v2\/pages\/2788","targetHints":{"allow":["GET"]}}],"collection":[{"href":"https:\/\/cinebh.com.br\/2025\/wp-json\/wp\/v2\/pages"}],"about":[{"href":"https:\/\/cinebh.com.br\/2025\/wp-json\/wp\/v2\/types\/page"}],"author":[{"embeddable":true,"href":"https:\/\/cinebh.com.br\/2025\/wp-json\/wp\/v2\/users\/1"}],"replies":[{"embeddable":true,"href":"https:\/\/cinebh.com.br\/2025\/wp-json\/wp\/v2\/comments?post=2788"}],"version-history":[{"count":2,"href":"https:\/\/cinebh.com.br\/2025\/wp-json\/wp\/v2\/pages\/2788\/revisions"}],"predecessor-version":[{"id":2790,"href":"https:\/\/cinebh.com.br\/2025\/wp-json\/wp\/v2\/pages\/2788\/revisions\/2790"}],"up":[{"embeddable":true,"href":"https:\/\/cinebh.com.br\/2025\/wp-json\/wp\/v2\/pages\/2855"}],"wp:attachment":[{"href":"https:\/\/cinebh.com.br\/2025\/wp-json\/wp\/v2\/media?parent=2788"}],"curies":[{"name":"wp","href":"https:\/\/api.w.org\/{rel}","templated":true}]}}