{"id":2798,"date":"2025-08-29T15:24:48","date_gmt":"2025-08-29T18:24:48","guid":{"rendered":"https:\/\/cinebh.com.br\/?page_id=2798"},"modified":"2025-09-18T17:54:43","modified_gmt":"2025-09-18T20:54:43","slug":"homenaje","status":"publish","type":"page","link":"https:\/\/cinebh.com.br\/2025\/homenaje\/?lang=es","title":{"rendered":"Homenaje"},"content":{"rendered":"\n<h2 class=\"wp-block-heading\"><strong>CARLOS FRANCISCO ES UN MUNDO&nbsp;<\/strong><\/h2>\n\n\n\n<p>Hay dos frases de Carlos Francisco en pel\u00edculas recientes que demuestran la dicotom\u00eda y versatilidad de este gran actor, ilustrando su ternura, resiliencia y rigor dentro y fuera de la pantalla.<\/p>\n\n\n\n<p>En Bacurau, interpretando a Damiano, se enfrenta a un invasor extranjero en su comunidad y le pregunta, mirando directamente a la c\u00e1mara: &#8220;\u00bfQuieres vivir o morir?&#8221;. En Marte Um, interpretando al trabajador Wellington, escucha de su hijo Deivinho sobre el sue\u00f1o del ni\u00f1o de ser astronauta y responde: &#8220;Vamos a encontrar la manera&#8221;.<\/p>\n\n\n\n<p>Las dos l\u00edneas de di\u00e1logo, respuestas a est\u00edmulos externos a los que los personajes en cuesti\u00f3n deben reaccionar de alguna manera ante sus interlocutores, se han convertido en momentos emblem\u00e1ticos de la producci\u00f3n brasile\u00f1a contempor\u00e1nea, que encarna en el cuerpo, la voz y la expresi\u00f3n de Carlos Francisco una especie de fuerza c\u00f3smica que trasciende lo ordinario.&nbsp;<\/p>\n\n\n\n<figure class=\"wp-block-image size-large\"><img loading=\"lazy\" decoding=\"async\" width=\"1024\" height=\"683\" src=\"https:\/\/cinebh.com.br\/wp-content\/uploads\/2025\/09\/20082025_Foto_Leo_Lara_20082025_Foto_Leo_Lara_0M1A3463-2-1-1024x683.jpg\" alt=\"\" class=\"wp-image-2804\" srcset=\"https:\/\/universoproducao.nyc3.digitaloceanspaces.com\/cinebh2025\/2025\/09\/20082025_Foto_Leo_Lara_20082025_Foto_Leo_Lara_0M1A3463-2-1-1024x683.jpg 1024w, https:\/\/universoproducao.nyc3.digitaloceanspaces.com\/cinebh2025\/2025\/09\/20082025_Foto_Leo_Lara_20082025_Foto_Leo_Lara_0M1A3463-2-1-300x200.jpg 300w, https:\/\/universoproducao.nyc3.digitaloceanspaces.com\/cinebh2025\/2025\/09\/20082025_Foto_Leo_Lara_20082025_Foto_Leo_Lara_0M1A3463-2-1-768x512.jpg 768w, https:\/\/universoproducao.nyc3.digitaloceanspaces.com\/cinebh2025\/2025\/09\/20082025_Foto_Leo_Lara_20082025_Foto_Leo_Lara_0M1A3463-2-1-1536x1024.jpg 1536w, https:\/\/universoproducao.nyc3.digitaloceanspaces.com\/cinebh2025\/2025\/09\/20082025_Foto_Leo_Lara_20082025_Foto_Leo_Lara_0M1A3463-2-1-2048x1366.jpg 2048w\" sizes=\"auto, (max-width: 1024px) 100vw, 1024px\" \/><figcaption class=\"wp-element-caption\">20250825 &#8211; BELO HORIZONTE &#8211; MG &#8211; 19\u00aa CINEBH &#8211; Ator Carlos Francisco &#8211; Homenageado da Mostra &#8211; Foto Leo Lara\/ Universo Produ\u00e7\u00e3o<\/figcaption><\/figure>\n\n\n\n<p><\/p>\n\n\n\n<p>Carlos naci\u00f3 en Belo Horizonte el 20 de diciembre de 1961. Comenz\u00f3 su carrera art\u00edstica en el teatro amateur en la d\u00e9cada de 1980, donde su primer recuerdo son las obras en casa del poeta Lib\u00e9rio Neves, junto a amigos de la infancia. \u00c9l y su grupo de amigos montaban estructuras en el patio para representar los textos y cobrar la entrada a los familiares, creando as\u00ed un ambiente l\u00fadico y de aprendizaje. Esta experiencia temprana, aunque informal, fue fundamental en su desarrollo como artista. En su adolescencia, particip\u00f3 en grupos de teatro en la escuela y experiment\u00f3 con desaf\u00edos creativos, como reemplazar las tradicionales novatadas universitarias por una divertida funci\u00f3n teatral.<\/p>\n\n\n\n<p>En la d\u00e9cada de 1980, fund\u00f3 el grupo de teatro Transarte, en colaboraci\u00f3n con Ricardo Figueiredo. Juntos, presentaron varias obras en Belo Horizonte, a la vez que participaba en la primera promoci\u00f3n del NET (N\u00facleo de Estudios Teatrales), una escuela de actuaci\u00f3n que a\u00fan opera en la ciudad. Una de sus primeras direcciones fue la obra Hoje \u00e9 Dia de Rock de Z\u00e9 Vicente, que marc\u00f3 el inicio de su carrera como director y consolid\u00f3 su intensa participaci\u00f3n en el teatro local.<\/p>\n\n\n\n<p>En 1991, Carlos se mud\u00f3 a S\u00e3o Paulo en busca de mejores oportunidades. Trabaj\u00f3 como vendedor de camiones, pero nunca abandon\u00f3 su sue\u00f1o de ser actor. Durante su estancia en S\u00e3o Paulo, se dio cuenta de que, a pesar de tener \u00e9xito vendiendo camiones, su pasi\u00f3n por el arte segu\u00eda latiendo. Esta consciencia lo motiv\u00f3 a buscar formaci\u00f3n y desarrollo profesional. Fue entonces cuando descubri\u00f3 el Taller Cultural Oswald de Andrade y se inscribi\u00f3 en varias actividades all\u00ed. Se dedic\u00f3 a aprender t\u00e9cnicas teatrales, desde la actuaci\u00f3n hasta la direcci\u00f3n, y asisti\u00f3 a cursos con diversos profesionales del sector. Se sumergi\u00f3 en el deseo de convertirse verdaderamente en un actor profesional y hacer de ello su profesi\u00f3n principal.<\/p>\n\n\n\n<figure class=\"wp-block-image size-large\"><img loading=\"lazy\" decoding=\"async\" width=\"1024\" height=\"683\" src=\"https:\/\/cinebh.com.br\/wp-content\/uploads\/2025\/09\/20082025_Foto_Leo_Lara_20082025_Foto_Leo_Lara_0M1A3485-2-1-1024x683.jpg\" alt=\"\" class=\"wp-image-2806\" srcset=\"https:\/\/universoproducao.nyc3.digitaloceanspaces.com\/cinebh2025\/2025\/09\/20082025_Foto_Leo_Lara_20082025_Foto_Leo_Lara_0M1A3485-2-1-1024x683.jpg 1024w, https:\/\/universoproducao.nyc3.digitaloceanspaces.com\/cinebh2025\/2025\/09\/20082025_Foto_Leo_Lara_20082025_Foto_Leo_Lara_0M1A3485-2-1-300x200.jpg 300w, https:\/\/universoproducao.nyc3.digitaloceanspaces.com\/cinebh2025\/2025\/09\/20082025_Foto_Leo_Lara_20082025_Foto_Leo_Lara_0M1A3485-2-1-768x512.jpg 768w, https:\/\/universoproducao.nyc3.digitaloceanspaces.com\/cinebh2025\/2025\/09\/20082025_Foto_Leo_Lara_20082025_Foto_Leo_Lara_0M1A3485-2-1-1536x1024.jpg 1536w, https:\/\/universoproducao.nyc3.digitaloceanspaces.com\/cinebh2025\/2025\/09\/20082025_Foto_Leo_Lara_20082025_Foto_Leo_Lara_0M1A3485-2-1-2048x1366.jpg 2048w\" sizes=\"auto, (max-width: 1024px) 100vw, 1024px\" \/><figcaption class=\"wp-element-caption\">20250825 &#8211; BELO HORIZONTE &#8211; MG &#8211; 19\u00aa CINEBH &#8211; Ator Carlos Francisco &#8211; Homenageado da Mostra  &#8211; Foto Leo Lara\/ Universo Produ\u00e7\u00e3o<\/figcaption><\/figure>\n\n\n\n<p>El proyecto m\u00e1s importante de su estancia en S\u00e3o Paulo fue la fundaci\u00f3n del Grupo Folias d&#8217;Arte en 1997, junto con un grupo de compa\u00f1eros, con el objetivo inicial de poner en escena Folias Fellinianas, escrita por Reinaldo Maia y de la que el colectivo tom\u00f3 su nombre. Conocido por sus actuaciones pol\u00edticamente comprometidas, el grupo continu\u00f3 sus actividades durante los a\u00f1os siguientes. En el caso de Carlos, debut\u00f3 en el cine a los 44 a\u00f1os, en 2005, en el largometraje O Casamento de Romeu e Julieta de Bruno Barreto. Interpretando papeles secundarios espor\u00e1dicamente, continu\u00f3 conquistando al p\u00fablico con su carisma, conciencia y actitud como ciudadano y artista. Nunca m\u00e1s abandon\u00f3 la pantalla.<\/p>\n\n\n\n<p>En su carrera como actor, Carlos Francisco revela su propia ancestralidad, incluyendo su origen quilombola, para amplificar el impacto de sus actuaciones. Cree que su formaci\u00f3n quilombola influye directamente en su obra, fomentando una fuerte conexi\u00f3n con la cultura y la oralidad. Esta experiencia le ayuda a crear personajes profundos y sensibles, que construye en colaboraci\u00f3n con los cineastas con los que trabaja, quienes, a su vez, conf\u00edan en Carlos al saber que se encuentran ante un personaje que existir\u00e1 plenamente para la pel\u00edcula desde el momento en que las c\u00e1maras comiencen a rodar.<\/p>\n\n\n\n<p>Carlos escapa de los estereotipos y encarna figuras complejas, fusionando la crudeza de los contextos perif\u00e9ricos con la sensibilidad de los afectos familiares. Su presencia tiene un peso simb\u00f3lico y pol\u00edtico, y contribuye a la construcci\u00f3n de una narrativa afrobrasile\u00f1a en el panorama audiovisual del pa\u00eds. Varias de sus pel\u00edculas en los \u00faltimos a\u00f1os se han exhibido en todo el mundo y han ganado importantes premios. Su presencia en estas obras y estos reconocimientos no es casualidad.<\/p>\n\n\n\n<p>Bacurau (Kleber Mendon\u00e7a Filho y Juliano Dornelles, 2019) gan\u00f3 el Premio del Jurado en el Festival de Cine de Cannes. Marte Um (Gabriel Martins, 2022) tuvo una serie de apariciones en festivales, fue un \u00e9xito en el circuito y represent\u00f3 a Brasil en la carrera por un lugar en el \u00d3scar de 2023 a Mejor Largometraje Internacional. Su papel como Wellington tambi\u00e9n le vali\u00f3 el premio a Mejor Actor en el Gran Premio de Cine Brasile\u00f1o. Estranho Caminho (Guto Parente, 2023), en la que vuelve a interpretar a un padre, esta vez una figura distante y misteriosa con poco inter\u00e9s en el afecto, le vali\u00f3 otro premio de actuaci\u00f3n, esta vez en el Festival de Cine de Tribeca (EE. UU.). En O Agente Secreto (2025), el nuevo trabajo de Kleber Mendon\u00e7a Filho, ganador del premio a Mejor Director en el Festival de Cine de Cannes, Carlos Francisco est\u00e1 en el reparto, esta vez como proyeccionista de cine.<\/p>\n\n\n\n<figure class=\"wp-block-image size-large\"><img loading=\"lazy\" decoding=\"async\" width=\"1024\" height=\"683\" src=\"https:\/\/cinebh.com.br\/wp-content\/uploads\/2025\/09\/20082025_Foto_Leo_Lara_20082025_Foto_Leo_Lara_0M1A3454-2-1-1024x683.jpg\" alt=\"\" class=\"wp-image-2802\" srcset=\"https:\/\/universoproducao.nyc3.digitaloceanspaces.com\/cinebh2025\/2025\/09\/20082025_Foto_Leo_Lara_20082025_Foto_Leo_Lara_0M1A3454-2-1-1024x683.jpg 1024w, https:\/\/universoproducao.nyc3.digitaloceanspaces.com\/cinebh2025\/2025\/09\/20082025_Foto_Leo_Lara_20082025_Foto_Leo_Lara_0M1A3454-2-1-300x200.jpg 300w, https:\/\/universoproducao.nyc3.digitaloceanspaces.com\/cinebh2025\/2025\/09\/20082025_Foto_Leo_Lara_20082025_Foto_Leo_Lara_0M1A3454-2-1-768x512.jpg 768w, https:\/\/universoproducao.nyc3.digitaloceanspaces.com\/cinebh2025\/2025\/09\/20082025_Foto_Leo_Lara_20082025_Foto_Leo_Lara_0M1A3454-2-1-1536x1024.jpg 1536w, https:\/\/universoproducao.nyc3.digitaloceanspaces.com\/cinebh2025\/2025\/09\/20082025_Foto_Leo_Lara_20082025_Foto_Leo_Lara_0M1A3454-2-1-2048x1366.jpg 2048w\" sizes=\"auto, (max-width: 1024px) 100vw, 1024px\" \/><figcaption class=\"wp-element-caption\">20250825 &#8211; BELO HORIZONTE &#8211; MG &#8211; 19\u00aa CINEBH &#8211; Ator Carlos Francisco &#8211; Homenageado da Mostra &#8211; Foto Leo Lara\/ Universo Produ\u00e7\u00e3o<\/figcaption><\/figure>\n\n\n\n<p>Repetir colaboraciones con cineastas ya es una rutina para Carlos Francisco. El actor conquista a los directores con los que trabaja, quienes muchas veces lo invitan a nuevos papeles, sin importar de d\u00f3nde sean, porque Carlos es de Brasil. Con la productora de Minas Gerais Filmes de Pl\u00e1stico, ha realizado varios cortometrajes, entre ellos Nada (2017) y Raps\u00f3dia para o Homem Negro (2015), y los largometrajes No Cora\u00e7\u00e3o do Mundo (2019) y Marte Um (2022). Tambi\u00e9n en Minas Gerais, con Clarissa Campolina, aparece en Can\u00e7\u00e3o ao Longe (2022), y con ella y S\u00e9rgio Borges, en Su\u00e7uarana (2024). Guto Parente, nativo de Cear\u00e1, lo eligi\u00f3 para Estranho Caminho y Morte e Vida Madalena (2025). Junto al paulista Thiago B. Mendon\u00e7a, aparece en Jovens Infelizes ou um Homem que Grita N\u00e3o \u00c9 um Urso que Dan\u00e7a (2016) y Um Filme de Cinema (2023). Y as\u00ed sucesivamente, por muchos m\u00e1s, y contando.<\/p>\n\n\n\n<p>Carlos Francisco hace de su identidad mineira, de su mineiridade un rasgo universal y, por lo tanto, no se fija \u00fanicamente en Minas Gerais. Expande el alcance de su presencia y fuerza m\u00e1s all\u00e1 de las fronteras estaduales y mantiene, en estos movimientos, la esencia singular que lo caracteriza. Celebrar a este actor es celebrar sus or\u00edgenes, su historia y la de todo un universo de experiencias que lleva en su piel, su voz, sus gestos, su mirada y sus m\u00faltiples rostros posibles. Carlos Francisco es un mundo.<\/p>\n\n\n\n<p><strong>Marcelo Miranda<br><\/strong>Curador<\/p>\n\n\n\n<div style=\"height:100px\" aria-hidden=\"true\" class=\"wp-block-spacer\"><\/div>\n\n\n\n    <div id=\"movie-block_68b20f7646048\" class=\"movie-block\">\n                  <div data-slides-per-view=\"4\" id=\"block_68b20f7646048\" class=\"movie expanded movie-block movie-list\">\n            <div class=\"container container-1216 flex-col\">\n        <div class=\"\">\n                      <h2 class=\"movie-header-title home-title mb-6\">Mostra Homenagem<\/h2>\n                    <div class=\" movie-items\">\n            <div class=\"movie-items-wrapper\">\n                  <div class=\"movie-item  \">\n      <a href=\"https:\/\/cinebh.com.br\/2025\/filme\/a-maquina-infernal\/\">\n        <img loading=\"lazy\" decoding=\"async\" width=\"280\" height=\"432\" src=\"https:\/\/universoproducao.nyc3.digitaloceanspaces.com\/cinebh2025\/2025\/08\/Copia-de-poster-maquina-virtual-Francis-Vogner-dos-Reis-280x432.png\" class=\"movie-img\" alt=\"\" \/>\n                <span class=\"movie-content\">\n          <span class=\"title\">A M\u00e1quina Infernal<\/span>\n                      <span class=\"direction on-hover\">Dire\u00e7\u00e3o: Francis Vogner dos Reis<\/span>\n                                          <span class=\"country on-hover\">Brasil<\/span>\n                                <span class=\"read-more btn-link on-hover uppercase\">\n              Saiba mais <i class=\"icon-arrow-right\"><\/i><\/span>\n                  <\/span>\n      <\/a>\n    <\/div>\n        <div class=\"movie-item  \">\n      <a href=\"https:\/\/cinebh.com.br\/2025\/filme\/estranho-caminho\/\">\n        <img loading=\"lazy\" decoding=\"async\" width=\"280\" height=\"432\" src=\"https:\/\/universoproducao.nyc3.digitaloceanspaces.com\/cinebh2025\/2025\/08\/cartaz-oficial-Estranho-Caminho_em-baixa-1-Producao-Embauba-280x432.jpg\" class=\"movie-img\" alt=\"\" \/>\n                <span class=\"movie-content\">\n          <span class=\"title\">ESTRANHO CAMINHO<\/span>\n                      <span class=\"direction on-hover\">Dire\u00e7\u00e3o: Guto Parente<\/span>\n                                          <span class=\"country on-hover\">Brasil<\/span>\n                                <span class=\"read-more btn-link on-hover uppercase\">\n              Saiba mais <i class=\"icon-arrow-right\"><\/i><\/span>\n                  <\/span>\n      <\/a>\n    <\/div>\n        <div class=\"movie-item  \">\n      <a href=\"https:\/\/cinebh.com.br\/2025\/filme\/marte-um\/\">\n        <img loading=\"lazy\" decoding=\"async\" width=\"280\" height=\"432\" src=\"https:\/\/universoproducao.nyc3.digitaloceanspaces.com\/cinebh2025\/2025\/08\/cartaz-Marte-Um-em-baixa-Producao-Embauba-280x432.jpg\" class=\"movie-img\" alt=\"\" \/>\n                <span class=\"movie-content\">\n          <span class=\"title\">Marte Um<\/span>\n                      <span class=\"direction on-hover\">Dire\u00e7\u00e3o: Gabriel Martins<\/span>\n                                          <span class=\"country on-hover\">Brasil<\/span>\n                                <span class=\"read-more btn-link on-hover uppercase\">\n              Saiba mais <i class=\"icon-arrow-right\"><\/i><\/span>\n                  <\/span>\n      <\/a>\n    <\/div>\n        <div class=\"movie-item  \">\n      <a href=\"https:\/\/cinebh.com.br\/2025\/filme\/nada\/\">\n        <img loading=\"lazy\" decoding=\"async\" width=\"280\" height=\"432\" src=\"https:\/\/universoproducao.nyc3.digitaloceanspaces.com\/cinebh2025\/2025\/08\/NADA_Still_03-280x432.jpg\" class=\"movie-img\" alt=\"\" \/>\n                <span class=\"movie-content\">\n          <span class=\"title\">NADA<\/span>\n                      <span class=\"direction on-hover\">Dire\u00e7\u00e3o: GABRIEL MARTINS<\/span>\n                                          <span class=\"country on-hover\">BRASIL<\/span>\n                                <span class=\"read-more btn-link on-hover uppercase\">\n              Saiba mais <i class=\"icon-arrow-right\"><\/i><\/span>\n                  <\/span>\n      <\/a>\n    <\/div>\n        <div class=\"movie-item  \">\n      <a href=\"https:\/\/cinebh.com.br\/2025\/filme\/o-agente-secreto\/\">\n        <img loading=\"lazy\" decoding=\"async\" width=\"280\" height=\"432\" src=\"https:\/\/universoproducao.nyc3.digitaloceanspaces.com\/cinebh2025\/2025\/08\/O-Agente-Secreto_Victor-Juca-280x432.jpg\" class=\"movie-img\" alt=\"\" \/>\n                <span class=\"movie-content\">\n          <span class=\"title\">O Agente Secreto<\/span>\n                      <span class=\"direction on-hover\">Dire\u00e7\u00e3o: Kleber Mendon\u00e7a Filho<\/span>\n                                          <span class=\"country on-hover\">Brasil, Fran\u00e7a, Pa\u00edses Baixos, Alemanha<\/span>\n                                <span class=\"read-more btn-link on-hover uppercase\">\n              Saiba mais <i class=\"icon-arrow-right\"><\/i><\/span>\n                  <\/span>\n      <\/a>\n    <\/div>\n        <div class=\"movie-item  \">\n      <a href=\"https:\/\/cinebh.com.br\/2025\/filme\/um-homem-que-voa-nelson-prudencio\/\">\n        <img loading=\"lazy\" decoding=\"async\" width=\"280\" height=\"432\" src=\"https:\/\/universoproducao.nyc3.digitaloceanspaces.com\/cinebh2025\/2025\/08\/Nelson-Prudencio-280x432.jpg\" class=\"movie-img\" alt=\"\" \/>\n                <span class=\"movie-content\">\n          <span class=\"title\">Um homem que voa: Nelson Prud\u00eancio<\/span>\n                                          <span class=\"country on-hover\">Brasil<\/span>\n                                <span class=\"read-more btn-link on-hover uppercase\">\n              Saiba mais <i class=\"icon-arrow-right\"><\/i><\/span>\n                  <\/span>\n      <\/a>\n    <\/div>\n                <\/div>\n          <\/div>\n                  <\/div>\n      <\/div>\n    <\/div>\n              <\/div>\n    ","protected":false},"excerpt":{"rendered":"<p>CARLOS FRANCISCO ES UN MUNDO&nbsp; Hay dos frases de Carlos Francisco en pel\u00edculas recientes que demuestran la dicotom\u00eda y versatilidad de este gran actor, ilustrando su ternura, resiliencia y rigor [&hellip;]<\/p>\n","protected":false},"author":1,"featured_media":2810,"parent":0,"menu_order":37,"comment_status":"closed","ping_status":"closed","template":"","meta":{"footnotes":""},"class_list":["post-2798","page","type-page","status-publish","has-post-thumbnail","hentry"],"acf":[],"_links":{"self":[{"href":"https:\/\/cinebh.com.br\/2025\/wp-json\/wp\/v2\/pages\/2798","targetHints":{"allow":["GET"]}}],"collection":[{"href":"https:\/\/cinebh.com.br\/2025\/wp-json\/wp\/v2\/pages"}],"about":[{"href":"https:\/\/cinebh.com.br\/2025\/wp-json\/wp\/v2\/types\/page"}],"author":[{"embeddable":true,"href":"https:\/\/cinebh.com.br\/2025\/wp-json\/wp\/v2\/users\/1"}],"replies":[{"embeddable":true,"href":"https:\/\/cinebh.com.br\/2025\/wp-json\/wp\/v2\/comments?post=2798"}],"version-history":[{"count":10,"href":"https:\/\/cinebh.com.br\/2025\/wp-json\/wp\/v2\/pages\/2798\/revisions"}],"predecessor-version":[{"id":2818,"href":"https:\/\/cinebh.com.br\/2025\/wp-json\/wp\/v2\/pages\/2798\/revisions\/2818"}],"wp:featuredmedia":[{"embeddable":true,"href":"https:\/\/cinebh.com.br\/2025\/wp-json\/wp\/v2\/media\/2810"}],"wp:attachment":[{"href":"https:\/\/cinebh.com.br\/2025\/wp-json\/wp\/v2\/media?parent=2798"}],"curies":[{"name":"wp","href":"https:\/\/api.w.org\/{rel}","templated":true}]}}