{"id":2830,"date":"2025-09-04T16:32:58","date_gmt":"2025-09-04T19:32:58","guid":{"rendered":"https:\/\/cinebh.com.br\/?page_id=2830"},"modified":"2025-09-18T18:57:33","modified_gmt":"2025-09-18T21:57:33","slug":"formacion","status":"publish","type":"page","link":"https:\/\/cinebh.com.br\/2025\/formacion\/?lang=es","title":{"rendered":"Formaci\u00f3n"},"content":{"rendered":"\n<p>La CineBH \u2013 Muestra Internacional de Cine de Belo Horizonte llega a su 19\u00aa edici\u00f3n reforzando el compromiso con la formaci\u00f3n y la profesionalizaci\u00f3n del sector audiovisual.<\/p>\n\n\n\n<p>En este contexto, la CineBH abre inscripciones para su Programa de Formaci\u00f3n Audiovisual, que este a\u00f1o cuenta con un taller online, dos talleres presenciales y tres laboratorios de guion, con un total de 160 plazas. Las actividades se realizan entre el 23 y el 27 de septiembre de 2025, en Belo Horizonte y en la plataforma digital del evento.<\/p>\n\n\n\n<p>Al reunir especialistas y j\u00f3venes talentos en un espacio de intercambio y aprendizaje, el Programa de Formaci\u00f3n de la 19\u00aa CineBH reafirma su papel como un ambiente privilegiado de experimentaci\u00f3n, capacitaci\u00f3n e incentivo a la profesionalizaci\u00f3n. Las actividades contar\u00e1n con la participaci\u00f3n de reconocidos profesionales brasile\u00f1os con trayectoria en cine, televisi\u00f3n, streaming, animaci\u00f3n y cr\u00edtica cinematogr\u00e1fica, reuniendo experiencias diversas que dialogan con los desaf\u00edos y tendencias del audiovisual contempor\u00e1neo.<\/p>\n\n\n\n<p>Seg\u00fan Raquel Hallak, coordinadora de la muestra, el programa estimula el intercambio de saberes y promueve nuevas generaciones de realizadores:<\/p>\n\n\n\n<p><em>\u00a0\u201cEn cada edici\u00f3n, buscamos ir m\u00e1s all\u00e1 de ofrecer talleres y laboratorios: queremos despertar nuevas perspectivas, provocar reflexiones y fortalecer la confianza de quienes est\u00e1n construyendo su camino en el audiovisual. La CineBH cree que el aprendizaje nace del encuentro y del compartir, y es en este ambiente donde surgen ideas transformadoras\u201d.<\/em><\/p>\n\n\n\n<h3 class=\"wp-block-heading\"><strong>TALLERES<\/strong><\/h3>\n\n\n\n<p><strong>\u201cAn\u00e1lisis de Estilos Cinematogr\u00e1ficos\u201d (online)<\/strong><br>Con Juliano Gomes, cr\u00edtico, profesor y programador, con asistencia de B\u00e1rbara Bello.<br>Del 23 al 26 de septiembre, de 14h30 a 17h30.<br>Destinado a j\u00f3venes entre 18 y 25 a\u00f1os, con 25 plazas.<\/p>\n\n\n\n<p>El curso desarrolla an\u00e1lisis cr\u00edticos y est\u00e9ticos sobre el cine brasile\u00f1o contempor\u00e1neo y, al final, seleccionar\u00e1 cinco integrantes que formar\u00e1n parte del Jurado Joven de la 29\u00aa Muestra de Cine de Tiradentes.<\/p>\n\n\n\n<p><strong>\u201cAnimaci\u00f3n en 60 pasos\u201d (presencial)<\/strong><br>Con el productor Z\u00e9 Brand\u00e3o (Copa Studio).<br>Del 25 al 27 de septiembre, de 14h30 a 18h30.<br>25 plazas para mayores de 18 a\u00f1os.<\/p>\n\n\n\n<p>El taller comparte la experiencia del instructor en series y largometrajes exitosos, como Irm\u00e3o do Jorel y Tromba Trem, detallando todas las etapas del proceso de creaci\u00f3n de una animaci\u00f3n y estimulando a los participantes a desarrollar sus propios proyectos.<\/p>\n\n\n\n<p><strong>\u201cC\u00f3mo Escribir Guiones que Conectan\u201d (presencial)<\/strong><br>Con Aur\u00e9lio de Arag\u00e3o y participaci\u00f3n del profesor Felipe Barros.<br>Del 25 al 27 de septiembre, de 9h30 a 13h30.<br>25 plazas para mayores de 18 a\u00f1os.<\/p>\n\n\n\n<p>Propone ejercicios de escritura creativa, reflexi\u00f3n sobre dramaturgia y construcci\u00f3n de escenas con foco en emoci\u00f3n, conflicto y dilemas \u00e9ticos. Dirigido a estudiantes, realizadores y guionistas principiantes.<\/p>\n\n\n\n<h3 class=\"wp-block-heading\"><strong>LABORATORIOS DE GUION<\/strong><\/h3>\n\n\n\n<p><strong>\u201cLab de Guion: El Drama como Narrativa\u201d<\/strong><br>Con Di Moretti.<br>Del 24 al 27 de septiembre, de 10h a 13h.<br>30 plazas para mayores de 18 a\u00f1os.<\/p>\n\n\n\n<p>Analiza y profundiza la construcci\u00f3n de guiones de ficci\u00f3n en el g\u00e9nero drama, trabajando storyline, personajes, di\u00e1logos y estructura narrativa, culminando en un ejercicio de pitching de los proyectos desarrollados.<\/p>\n\n\n\n<p><strong>\u201cLab de Guion: ADN del Crimen\u201d<\/strong><br>Con Aleksei Abib.<br>Del 24 al 27 de septiembre, de 14h30 a 17h30.<br>25 plazas.<\/p>\n\n\n\n<p>Aborda los principales c\u00f3digos del g\u00e9nero policial y sus subdivisiones \u2013 detectives, crimen y thriller \u2013 llevando a los participantes a desarrollar proyectos originales.<\/p>\n\n\n\n<p><strong>\u201cLab de Guion: La Ciudad como Personaje de tu Pel\u00edcula\u201d<\/strong><br>Con Fabiano Maciel.<br>Del 24 al 27 de septiembre, de 10h a 13h.<br>30 plazas.<\/p>\n\n\n\n<p>Explora el paisaje y la arquitectura de Belo Horizonte como elementos narrativos, estimulando ejercicios de creaci\u00f3n de argumentos y cortos que tengan a la ciudad como protagonista.<\/p>\n\n\n\n<p><\/p>\n","protected":false},"excerpt":{"rendered":"<p>La CineBH \u2013 Muestra Internacional de Cine de Belo Horizonte llega a su 19\u00aa edici\u00f3n reforzando el compromiso con la formaci\u00f3n y la profesionalizaci\u00f3n del sector audiovisual. En este contexto, [&hellip;]<\/p>\n","protected":false},"author":1,"featured_media":0,"parent":0,"menu_order":21,"comment_status":"closed","ping_status":"closed","template":"","meta":{"footnotes":""},"class_list":["post-2830","page","type-page","status-publish","hentry"],"acf":[],"_links":{"self":[{"href":"https:\/\/cinebh.com.br\/2025\/wp-json\/wp\/v2\/pages\/2830","targetHints":{"allow":["GET"]}}],"collection":[{"href":"https:\/\/cinebh.com.br\/2025\/wp-json\/wp\/v2\/pages"}],"about":[{"href":"https:\/\/cinebh.com.br\/2025\/wp-json\/wp\/v2\/types\/page"}],"author":[{"embeddable":true,"href":"https:\/\/cinebh.com.br\/2025\/wp-json\/wp\/v2\/users\/1"}],"replies":[{"embeddable":true,"href":"https:\/\/cinebh.com.br\/2025\/wp-json\/wp\/v2\/comments?post=2830"}],"version-history":[{"count":1,"href":"https:\/\/cinebh.com.br\/2025\/wp-json\/wp\/v2\/pages\/2830\/revisions"}],"predecessor-version":[{"id":2831,"href":"https:\/\/cinebh.com.br\/2025\/wp-json\/wp\/v2\/pages\/2830\/revisions\/2831"}],"wp:attachment":[{"href":"https:\/\/cinebh.com.br\/2025\/wp-json\/wp\/v2\/media?parent=2830"}],"curies":[{"name":"wp","href":"https:\/\/api.w.org\/{rel}","templated":true}]}}