{"id":727,"date":"2025-08-26T19:35:22","date_gmt":"2025-08-26T22:35:22","guid":{"rendered":"http:\/\/104.236.29.186\/?page_id=727"},"modified":"2025-08-26T19:35:23","modified_gmt":"2025-08-26T22:35:23","slug":"filmes","status":"publish","type":"page","link":"https:\/\/cinebh.com.br\/2025\/filmes\/","title":{"rendered":"Filmes"},"content":{"rendered":"\n    <div id=\"movie-block_66d765b02e0f5\" class=\"movie-block\">\n                  <div data-slides-per-view=\"4\" id=\"block_66d765b02e0f5\" class=\"movie expanded movie-block movie-list\">\n          <div class=\"movie-filter container container-1216\">\n      <div class=\"movie-id\"><\/div>\n      <div class=\"movie-filter-wrapper\">\n        <span>Filtrar filmes por:<\/span>\n        <form action=\"\" method=\"get\">\n          <div class=\"row\">\n            <div class=\"col\">\n              <input name=\"titulo\" type=\"text\" placeholder=\"T\u00edtulo\">\n            <\/div>\n            <div class=\"col\">\n              <select name=\"tematica\">\n                <option value=\"\">Mostra<\/option>\n                <option  value=\"a-cidade-em-movimento\" > A Cidade em Movimento <\/option><option  value=\"cine-expressao\" > Cine-Express\u00e3o <\/option><option  value=\"cinemundi\" > CineMundi <\/option><option  value=\"contemporanea\" > Contempor\u00e2nea <\/option><option  value=\"dialogos-historicos\" > Di\u00e1logos Hist\u00f3ricos <\/option><option  value=\"homenagem\" > Homenagem <\/option><option  value=\"ic-play\" > IC Play <\/option><option  value=\"mostra-conexoes\" > Mostra Conex\u00f5es <\/option><option  value=\"mostrinha\" > Mostrinha <\/option><option  value=\"praca\" > Pra\u00e7a <\/option><option  value=\"territorio\" > Territ\u00f3rio <\/option><option  value=\"vertentes\" > Vertentes <\/option>              <\/select>\n            <\/div>\n            <div class=\"col\">\n              <select name=\"categoria\">\n                <option value=\"\">Formato<\/option>\n                <option  value=\"curta\">Curta<\/option>\n                <option  value=\"media\">M\u00e9dia<\/option>\n                <option  value=\"longa\">Longa<\/option>\n              <\/select>\n            <\/div>\n            <div class=\"col\">\n              <button class=\"btn-red\" type=\"submit\">Buscar<\/button>\n            <\/div>\n          <\/div>\n        <\/form>\n      <\/div>\n    <\/div>\n          <div class=\"container container-1216 flex-col\">\n        <div class=\"\">\n                    <div class=\" movie-items\">\n            <div class=\"movie-items-wrapper\">\n                  <div class=\"movie-item  \">\n      <a href=\"https:\/\/cinebh.com.br\/2025\/filme\/um-homem-que-voa-nelson-prudencio\/\">\n        <img loading=\"lazy\" decoding=\"async\" width=\"280\" height=\"432\" src=\"https:\/\/universoproducao.nyc3.digitaloceanspaces.com\/cinebh2025\/2025\/08\/Nelson-Prudencio-280x432.jpg\" class=\"movie-img\" alt=\"\" \/>\n                <span class=\"movie-content\">\n          <span class=\"title\">Um homem que voa: Nelson Prud\u00eancio<\/span>\n                                          <span class=\"country on-hover\">Brasil<\/span>\n                                <span class=\"read-more btn-link on-hover uppercase\">\n              Saiba mais <i class=\"icon-arrow-right\"><\/i><\/span>\n                  <\/span>\n      <\/a>\n    <\/div>\n        <div class=\"movie-item  \">\n      <a href=\"https:\/\/cinebh.com.br\/2025\/filme\/o-agente-secreto\/\">\n        <img loading=\"lazy\" decoding=\"async\" width=\"280\" height=\"432\" src=\"https:\/\/universoproducao.nyc3.digitaloceanspaces.com\/cinebh2025\/2025\/08\/O-Agente-Secreto_Victor-Juca-280x432.jpg\" class=\"movie-img\" alt=\"\" \/>\n                <span class=\"movie-content\">\n          <span class=\"title\">O Agente Secreto<\/span>\n                      <span class=\"direction on-hover\">Dire\u00e7\u00e3o: Kleber Mendon\u00e7a Filho<\/span>\n                                          <span class=\"country on-hover\">Brasil, Fran\u00e7a, Pa\u00edses Baixos, Alemanha<\/span>\n                                <span class=\"read-more btn-link on-hover uppercase\">\n              Saiba mais <i class=\"icon-arrow-right\"><\/i><\/span>\n                  <\/span>\n      <\/a>\n    <\/div>\n        <div class=\"movie-item  \">\n      <a href=\"https:\/\/cinebh.com.br\/2025\/filme\/marte-um\/\">\n        <img loading=\"lazy\" decoding=\"async\" width=\"280\" height=\"432\" src=\"https:\/\/universoproducao.nyc3.digitaloceanspaces.com\/cinebh2025\/2025\/08\/cartaz-Marte-Um-em-baixa-Producao-Embauba-280x432.jpg\" class=\"movie-img\" alt=\"\" \/>\n                <span class=\"movie-content\">\n          <span class=\"title\">Marte Um<\/span>\n                      <span class=\"direction on-hover\">Dire\u00e7\u00e3o: Gabriel Martins<\/span>\n                                          <span class=\"country on-hover\">Brasil<\/span>\n                                <span class=\"read-more btn-link on-hover uppercase\">\n              Saiba mais <i class=\"icon-arrow-right\"><\/i><\/span>\n                  <\/span>\n      <\/a>\n    <\/div>\n        <div class=\"movie-item  \">\n      <a href=\"https:\/\/cinebh.com.br\/2025\/filme\/a-maquina-infernal\/\">\n        <img loading=\"lazy\" decoding=\"async\" width=\"280\" height=\"432\" src=\"https:\/\/universoproducao.nyc3.digitaloceanspaces.com\/cinebh2025\/2025\/08\/Copia-de-poster-maquina-virtual-Francis-Vogner-dos-Reis-280x432.png\" class=\"movie-img\" alt=\"\" \/>\n                <span class=\"movie-content\">\n          <span class=\"title\">A M\u00e1quina Infernal<\/span>\n                      <span class=\"direction on-hover\">Dire\u00e7\u00e3o: Francis Vogner dos Reis<\/span>\n                                          <span class=\"country on-hover\">Brasil<\/span>\n                                <span class=\"read-more btn-link on-hover uppercase\">\n              Saiba mais <i class=\"icon-arrow-right\"><\/i><\/span>\n                  <\/span>\n      <\/a>\n    <\/div>\n        <div class=\"movie-item  \">\n      <a href=\"https:\/\/cinebh.com.br\/2025\/filme\/nada\/\">\n        <img loading=\"lazy\" decoding=\"async\" width=\"280\" height=\"432\" src=\"https:\/\/universoproducao.nyc3.digitaloceanspaces.com\/cinebh2025\/2025\/08\/NADA_Still_03-280x432.jpg\" class=\"movie-img\" alt=\"\" \/>\n                <span class=\"movie-content\">\n          <span class=\"title\">NADA<\/span>\n                      <span class=\"direction on-hover\">Dire\u00e7\u00e3o: GABRIEL MARTINS<\/span>\n                                          <span class=\"country on-hover\">BRASIL<\/span>\n                                <span class=\"read-more btn-link on-hover uppercase\">\n              Saiba mais <i class=\"icon-arrow-right\"><\/i><\/span>\n                  <\/span>\n      <\/a>\n    <\/div>\n        <div class=\"movie-item  \">\n      <a href=\"https:\/\/cinebh.com.br\/2025\/filme\/estranho-caminho\/\">\n        <img loading=\"lazy\" decoding=\"async\" width=\"280\" height=\"432\" src=\"https:\/\/universoproducao.nyc3.digitaloceanspaces.com\/cinebh2025\/2025\/08\/cartaz-oficial-Estranho-Caminho_em-baixa-1-Producao-Embauba-280x432.jpg\" class=\"movie-img\" alt=\"\" \/>\n                <span class=\"movie-content\">\n          <span class=\"title\">ESTRANHO CAMINHO<\/span>\n                      <span class=\"direction on-hover\">Dire\u00e7\u00e3o: Guto Parente<\/span>\n                                          <span class=\"country on-hover\">Brasil<\/span>\n                                <span class=\"read-more btn-link on-hover uppercase\">\n              Saiba mais <i class=\"icon-arrow-right\"><\/i><\/span>\n                  <\/span>\n      <\/a>\n    <\/div>\n        <div class=\"movie-item  \">\n      <a href=\"https:\/\/cinebh.com.br\/2025\/filme\/relogio-com-defeito\/\">\n        <img loading=\"lazy\" decoding=\"async\" width=\"280\" height=\"432\" src=\"https:\/\/universoproducao.nyc3.digitaloceanspaces.com\/cinebh2025\/2025\/08\/RELOGIO-COM-DEFEITO_EP3_CARTAZ-Jardim-de-palavras-280x432.jpg\" class=\"movie-img\" alt=\"\" \/>\n                <span class=\"movie-content\">\n          <span class=\"title\">Rel\u00f3gio com defeito<\/span>\n                      <span class=\"direction on-hover\">Dire\u00e7\u00e3o: Rodrigo Vulcano, Lucas Lima<\/span>\n                                          <span class=\"country on-hover\">SP \/ Brasil<\/span>\n                                <span class=\"read-more btn-link on-hover uppercase\">\n              Saiba mais <i class=\"icon-arrow-right\"><\/i><\/span>\n                  <\/span>\n      <\/a>\n    <\/div>\n        <div class=\"movie-item  \">\n      <a href=\"https:\/\/cinebh.com.br\/2025\/filme\/quinn\/\">\n        <img loading=\"lazy\" decoding=\"async\" width=\"280\" height=\"432\" src=\"https:\/\/universoproducao.nyc3.digitaloceanspaces.com\/cinebh2025\/2025\/08\/QUINN_Poster_01-2-Arthur-Felipe-de-Oliveira-Fiel-280x432.png\" class=\"movie-img\" alt=\"\" \/>\n                <span class=\"movie-content\">\n          <span class=\"title\">Quinn<\/span>\n                      <span class=\"direction on-hover\">Dire\u00e7\u00e3o: Arthur Felipe Fiel<\/span>\n                                          <span class=\"country on-hover\">ES \/ Brasil<\/span>\n                                <span class=\"read-more btn-link on-hover uppercase\">\n              Saiba mais <i class=\"icon-arrow-right\"><\/i><\/span>\n                  <\/span>\n      <\/a>\n    <\/div>\n        <div class=\"movie-item  \">\n      <a href=\"https:\/\/cinebh.com.br\/2025\/filme\/menino-gepeto\/\">\n        <img loading=\"lazy\" decoding=\"async\" width=\"280\" height=\"432\" src=\"https:\/\/universoproducao.nyc3.digitaloceanspaces.com\/cinebh2025\/2025\/08\/MENINO-GEPETO_cartaz-cinema-CINEOP-Rafael-Guimaraes-280x432.jpg\" class=\"movie-img\" alt=\"\" \/>\n                <span class=\"movie-content\">\n          <span class=\"title\">Menino Gepeto<\/span>\n                      <span class=\"direction on-hover\">Dire\u00e7\u00e3o: Cl\u00e1udio Constantino, Rafael Guimar\u00e3es<\/span>\n                                          <span class=\"country on-hover\">MG \/ Brasil<\/span>\n                                <span class=\"read-more btn-link on-hover uppercase\">\n              Saiba mais <i class=\"icon-arrow-right\"><\/i><\/span>\n                  <\/span>\n      <\/a>\n    <\/div>\n        <div class=\"movie-item  \">\n      <a href=\"https:\/\/cinebh.com.br\/2025\/filme\/o-chapeu-do-zezeu\/\">\n        <img loading=\"lazy\" decoding=\"async\" width=\"280\" height=\"432\" src=\"https:\/\/universoproducao.nyc3.digitaloceanspaces.com\/cinebh2025\/2025\/08\/O-CHAPEU-DO-ZEZEU_zezeu-Instituto-Marlin-Azul-280x432.jpg\" class=\"movie-img\" alt=\"\" \/>\n                <span class=\"movie-content\">\n          <span class=\"title\">O Chap\u00e9u do Zez\u00e9u<\/span>\n                      <span class=\"direction on-hover\">Dire\u00e7\u00e3o: Alunos do Projeto Anima\u00e7\u00e3o &#8211; Instituto Marlin Azul\/Escola Municipal Monsenhor Walfredo Gurgel <\/span>\n                                          <span class=\"country on-hover\">RN\/ES \/ Brasil<\/span>\n                                <span class=\"read-more btn-link on-hover uppercase\">\n              Saiba mais <i class=\"icon-arrow-right\"><\/i><\/span>\n                  <\/span>\n      <\/a>\n    <\/div>\n        <div class=\"movie-item  \">\n      <a href=\"https:\/\/cinebh.com.br\/2025\/filme\/cine-quarto\/\">\n        <img loading=\"lazy\" decoding=\"async\" width=\"280\" height=\"432\" src=\"https:\/\/universoproducao.nyc3.digitaloceanspaces.com\/cinebh2025\/2025\/08\/CINE-QUARTO_poster-cineop-Leonardo-Marcondes-braga-280x432.png\" class=\"movie-img\" alt=\"\" \/>\n                <span class=\"movie-content\">\n          <span class=\"title\">Cine quarto<\/span>\n                      <span class=\"direction on-hover\">Dire\u00e7\u00e3o: Leonardo Braga<\/span>\n                                          <span class=\"country on-hover\">MG \/ Brasil<\/span>\n                                <span class=\"read-more btn-link on-hover uppercase\">\n              Saiba mais <i class=\"icon-arrow-right\"><\/i><\/span>\n                  <\/span>\n      <\/a>\n    <\/div>\n        <div class=\"movie-item  \">\n      <a href=\"https:\/\/cinebh.com.br\/2025\/filme\/doce-de-coco\/\">\n        <img loading=\"lazy\" decoding=\"async\" width=\"280\" height=\"432\" src=\"https:\/\/universoproducao.nyc3.digitaloceanspaces.com\/cinebh2025\/2025\/08\/Doce-de-Coco-Poster-280x432.jpg\" class=\"movie-img\" alt=\"\" \/>\n                <span class=\"movie-content\">\n          <span class=\"title\">Doce de Coco<\/span>\n                      <span class=\"direction on-hover\">Dire\u00e7\u00e3o: Allan Deberton<\/span>\n                                          <span class=\"country on-hover\">Brasil <\/span>\n                                <span class=\"read-more btn-link on-hover uppercase\">\n              Saiba mais <i class=\"icon-arrow-right\"><\/i><\/span>\n                  <\/span>\n      <\/a>\n    <\/div>\n        <div class=\"movie-item  \">\n      <a href=\"https:\/\/cinebh.com.br\/2025\/filme\/menino-monstro\/\">\n        <img loading=\"lazy\" decoding=\"async\" width=\"280\" height=\"432\" src=\"https:\/\/universoproducao.nyc3.digitaloceanspaces.com\/cinebh2025\/2025\/08\/MEININO-MONSTRO-monstro_poster_A4-Renata-Martins-280x432.jpg\" class=\"movie-img\" alt=\"\" \/>\n                <span class=\"movie-content\">\n          <span class=\"title\">Menino Monstro<\/span>\n                      <span class=\"direction on-hover\">Dire\u00e7\u00e3o: Guilherme Alvernaz<\/span>\n                                          <span class=\"country on-hover\">SP \/ Brasil<\/span>\n                                <span class=\"read-more btn-link on-hover uppercase\">\n              Saiba mais <i class=\"icon-arrow-right\"><\/i><\/span>\n                  <\/span>\n      <\/a>\n    <\/div>\n        <div class=\"movie-item  \">\n      <a href=\"https:\/\/cinebh.com.br\/2025\/filme\/o-mundo-dos-sonhos\/\">\n        <img loading=\"lazy\" decoding=\"async\" width=\"280\" height=\"432\" src=\"https:\/\/universoproducao.nyc3.digitaloceanspaces.com\/cinebh2025\/2025\/08\/O-MUNDO-DOS-SONHOS_Cartaz-Estalo-Criativo-280x432.jpg\" class=\"movie-img\" alt=\"\" \/>\n                <span class=\"movie-content\">\n          <span class=\"title\">O mundo dos sonhos<\/span>\n                      <span class=\"direction on-hover\">Dire\u00e7\u00e3o: Leandro Wenceslau<\/span>\n                                          <span class=\"country on-hover\">MG \/ Brasil<\/span>\n                                <span class=\"read-more btn-link on-hover uppercase\">\n              Saiba mais <i class=\"icon-arrow-right\"><\/i><\/span>\n                  <\/span>\n      <\/a>\n    <\/div>\n        <div class=\"movie-item  \">\n      <a href=\"https:\/\/cinebh.com.br\/2025\/filme\/passa-a-bola\/\">\n        <img loading=\"lazy\" decoding=\"async\" width=\"280\" height=\"432\" src=\"https:\/\/universoproducao.nyc3.digitaloceanspaces.com\/cinebh2025\/2025\/08\/PASSA-A-BOLA_Poster-Guilherme-Herrera-Falchi-280x432.png\" class=\"movie-img\" alt=\"\" \/>\n                <span class=\"movie-content\">\n          <span class=\"title\">Passa a Bola<\/span>\n                      <span class=\"direction on-hover\">Dire\u00e7\u00e3o: Guilherme Herrera Falchi<\/span>\n                                          <span class=\"country on-hover\">SP \/ Brasil<\/span>\n                                <span class=\"read-more btn-link on-hover uppercase\">\n              Saiba mais <i class=\"icon-arrow-right\"><\/i><\/span>\n                  <\/span>\n      <\/a>\n    <\/div>\n        <div class=\"movie-item  \">\n      <a href=\"https:\/\/cinebh.com.br\/2025\/filme\/a-menina-e-o-flautista\/\">\n        <img loading=\"lazy\" decoding=\"async\" width=\"280\" height=\"432\" src=\"https:\/\/universoproducao.nyc3.digitaloceanspaces.com\/cinebh2025\/2025\/08\/A-MENINA-E-O-FLAUTISTA_foto-02-Lara-Dezan-280x432.jpg\" class=\"movie-img\" alt=\"\" \/>\n                <span class=\"movie-content\">\n          <span class=\"title\">A Menina e o Flautista<\/span>\n                      <span class=\"direction on-hover\">Dire\u00e7\u00e3o: Lara Dezan<\/span>\n                                          <span class=\"country on-hover\">SP \/ Brasil<\/span>\n                                <span class=\"read-more btn-link on-hover uppercase\">\n              Saiba mais <i class=\"icon-arrow-right\"><\/i><\/span>\n                  <\/span>\n      <\/a>\n    <\/div>\n        <div class=\"movie-item  \">\n      <a href=\"https:\/\/cinebh.com.br\/2025\/filme\/porque-sou-diferente\/\">\n        <img loading=\"lazy\" decoding=\"async\" width=\"280\" height=\"432\" src=\"https:\/\/universoproducao.nyc3.digitaloceanspaces.com\/cinebh2025\/2025\/08\/PORQUE-SOU-DIFERENTE-Sonhador-Filmes-280x432.png\" class=\"movie-img\" alt=\"\" \/>\n                <span class=\"movie-content\">\n          <span class=\"title\">Porque sou diferente<\/span>\n                      <span class=\"direction on-hover\">Dire\u00e7\u00e3o: Lu\u00eds Navarro<\/span>\n                                          <span class=\"country on-hover\">SP \/ Brasil<\/span>\n                                <span class=\"read-more btn-link on-hover uppercase\">\n              Saiba mais <i class=\"icon-arrow-right\"><\/i><\/span>\n                  <\/span>\n      <\/a>\n    <\/div>\n        <div class=\"movie-item  \">\n      <a href=\"https:\/\/cinebh.com.br\/2025\/filme\/sacis\/\">\n        <img loading=\"lazy\" decoding=\"async\" width=\"280\" height=\"432\" src=\"https:\/\/universoproducao.nyc3.digitaloceanspaces.com\/cinebh2025\/2025\/08\/SACIS_Cartaz_Sacis_A2_out23_page-0001-280x432.jpg\" class=\"movie-img\" alt=\"\" \/>\n                <span class=\"movie-content\">\n          <span class=\"title\">Sacis<\/span>\n                      <span class=\"direction on-hover\">Dire\u00e7\u00e3o: Bruno Bennec<\/span>\n                                          <span class=\"country on-hover\">MG \/ Brasil<\/span>\n                                <span class=\"read-more btn-link on-hover uppercase\">\n              Saiba mais <i class=\"icon-arrow-right\"><\/i><\/span>\n                  <\/span>\n      <\/a>\n    <\/div>\n        <div class=\"movie-item  \">\n      <a href=\"https:\/\/cinebh.com.br\/2025\/filme\/glorinha\/\">\n        <img loading=\"lazy\" decoding=\"async\" width=\"280\" height=\"432\" src=\"https:\/\/universoproducao.nyc3.digitaloceanspaces.com\/cinebh2025\/2025\/08\/GLORINHA_CINEOP-Stella-Ribeiro-280x432.jpg\" class=\"movie-img\" alt=\"\" \/>\n                <span class=\"movie-content\">\n          <span class=\"title\">Glorinha<\/span>\n                      <span class=\"direction on-hover\">Dire\u00e7\u00e3o: Stella Ribeiro<\/span>\n                                          <span class=\"country on-hover\">RJ \/ Brasil<\/span>\n                                <span class=\"read-more btn-link on-hover uppercase\">\n              Saiba mais <i class=\"icon-arrow-right\"><\/i><\/span>\n                  <\/span>\n      <\/a>\n    <\/div>\n        <div class=\"movie-item  \">\n      <a href=\"https:\/\/cinebh.com.br\/2025\/filme\/ia-inteligencia-afetiva\/\">\n        <img loading=\"lazy\" decoding=\"async\" width=\"280\" height=\"432\" src=\"https:\/\/universoproducao.nyc3.digitaloceanspaces.com\/cinebh2025\/2025\/08\/IA_-INTELIGENCIA-AFETIVA_Poster-com-Logos-Pedro-Amorim-280x432.jpg\" class=\"movie-img\" alt=\"\" \/>\n                <span class=\"movie-content\">\n          <span class=\"title\">IA: Intelig\u00eancia Afetiva<\/span>\n                      <span class=\"direction on-hover\">Dire\u00e7\u00e3o: Pedro Amorim<\/span>\n                                          <span class=\"country on-hover\">RJ \/ Brasil<\/span>\n                                <span class=\"read-more btn-link on-hover uppercase\">\n              Saiba mais <i class=\"icon-arrow-right\"><\/i><\/span>\n                  <\/span>\n      <\/a>\n    <\/div>\n        <div class=\"movie-item  \">\n      <a href=\"https:\/\/cinebh.com.br\/2025\/filme\/aria\/\">\n        <img loading=\"lazy\" decoding=\"async\" width=\"280\" height=\"432\" src=\"https:\/\/universoproducao.nyc3.digitaloceanspaces.com\/cinebh2025\/2025\/08\/ARIA_Poster_louros_alta-Bruno-de-Oliveira-Nogueira-280x432.jpg\" class=\"movie-img\" alt=\"\" \/>\n                <span class=\"movie-content\">\n          <span class=\"title\">\u00c1ria<\/span>\n                      <span class=\"direction on-hover\">Dire\u00e7\u00e3o: Arthur P. Motta<\/span>\n                                          <span class=\"country on-hover\">ES \/ Brasil<\/span>\n                                <span class=\"read-more btn-link on-hover uppercase\">\n              Saiba mais <i class=\"icon-arrow-right\"><\/i><\/span>\n                  <\/span>\n      <\/a>\n    <\/div>\n                <\/div>\n          <\/div>\n                  <\/div>\n      <\/div>\n    <\/div>\n              <\/div>\n    ","protected":false},"excerpt":{"rendered":"","protected":false},"author":1,"featured_media":0,"parent":0,"menu_order":35,"comment_status":"closed","ping_status":"closed","template":"","meta":{"footnotes":""},"class_list":["post-727","page","type-page","status-publish","hentry"],"acf":[],"_links":{"self":[{"href":"https:\/\/cinebh.com.br\/2025\/wp-json\/wp\/v2\/pages\/727","targetHints":{"allow":["GET"]}}],"collection":[{"href":"https:\/\/cinebh.com.br\/2025\/wp-json\/wp\/v2\/pages"}],"about":[{"href":"https:\/\/cinebh.com.br\/2025\/wp-json\/wp\/v2\/types\/page"}],"author":[{"embeddable":true,"href":"https:\/\/cinebh.com.br\/2025\/wp-json\/wp\/v2\/users\/1"}],"replies":[{"embeddable":true,"href":"https:\/\/cinebh.com.br\/2025\/wp-json\/wp\/v2\/comments?post=727"}],"version-history":[{"count":1,"href":"https:\/\/cinebh.com.br\/2025\/wp-json\/wp\/v2\/pages\/727\/revisions"}],"predecessor-version":[{"id":728,"href":"https:\/\/cinebh.com.br\/2025\/wp-json\/wp\/v2\/pages\/727\/revisions\/728"}],"wp:attachment":[{"href":"https:\/\/cinebh.com.br\/2025\/wp-json\/wp\/v2\/media?parent=727"}],"curies":[{"name":"wp","href":"https:\/\/api.w.org\/{rel}","templated":true}]}}